{"id":813,"date":"2022-10-31T17:44:16","date_gmt":"2022-10-31T17:44:16","guid":{"rendered":"https:\/\/wakan.ec\/?post_type=product&#038;p=813"},"modified":"2025-01-07T15:38:24","modified_gmt":"2025-01-07T20:38:24","slug":"fire-tv-stick-con-alexa-3ra-gen-convertidor-smart-tv-hd-incluye-controles-de-tv","status":"publish","type":"product","link":"https:\/\/wakan.ec\/index.php\/producto\/fire-tv-stick-con-alexa-3ra-gen-convertidor-smart-tv-hd-incluye-controles-de-tv\/","title":{"rendered":"Fire TV Stick con Alexa (3ra gen) &#8211; Convertidor Smart TV HD &#8211; Incluye controles de TV"},"content":{"rendered":"<div>Fire TV Stick con Alexa\u00a0simplifica la reproducci\u00f3n en l\u00ednea con botones de encendido\/apagado, volumen y silencio en un solo control remoto. Con 50% m\u00e1s potencia que la generaci\u00f3n anterior, Fire TV Stick ofrece inicios r\u00e1pidos de aplicaciones y r\u00e1pida reproducci\u00f3n en l\u00ednea en Full HD.<\/div>\n<div><\/div>\n<h3>Claridad de audio mejorada de Dolby Atmos<\/h3>\n<div>Siente c\u00f3mo las escenas cobran vida con el audio envolvente Dolby Atmos en t\u00edtulos seleccionados, incluidos Netflix, Prime Video y Disney+, cuando se conecta a barras de sonido y sistemas de audio en casa compatibles. Dolby Atmos mueve los sonidos a tu alrededor, incluso por encima de tu cabeza, sumergi\u00e9ndote en lo que est\u00e1s viendo.<\/div>\n<div><\/div>\n<h3>Control por voz de Alexa con controles de TV<\/h3>\n<div>Solo tienes que pulsar y pedirle a Alexa que encuentre, reproduzca y controle contenido, o incluso que cambie a televisi\u00f3n por cable. Accede r\u00e1pidamente a tus aplicaciones favoritas con botones preestablecidos, y ve m\u00e1s all\u00e1 de la transmisi\u00f3n, para revisar resultados deportivos, reproducir m\u00fasica o mirar las im\u00e1genes de tu c\u00e1mara en directo.<\/div>\n<div>Los botones destinados a encendido y volumen controlan tu TV, barra de sonido y receptor compatible.<\/div>\n<div><\/div>\n<h2>Encuentra contenido r\u00e1pidamente<\/h2>\n<div>La reproducci\u00f3n en Fire TV Stick con Alexa es simple e intuitiva. Accede r\u00e1pidamente a tu contenido favorito desde el men\u00fa de inicio. Busca entre cientos de canales y aplicaciones para encontrar lo que quieres ver. Disfruta de la transmisi\u00f3n personalizada mediante perfiles, recomendaciones, historial de visualizaci\u00f3n y listas de visualizaci\u00f3n para cada persona en tu hogar.<\/div>\n<div><\/div>\n<h2>Millones de pel\u00edculas y episodios<\/h2>\n<div>Disfruta de los favoritos de Netflix, YouTube, Prime Video, Disney+, HBO Max, Apple TV+, Peacock, STARZ, SHOWTIME, Paramount+ y m\u00e1s. Reproduce en l\u00ednea noticias, deportes, y programas en vivo. Accede a decenas de miles de t\u00edtulos en HDR. Adem\u00e1s, reproduce millones de canciones a trav\u00e9s de servicios como Amazon Music, Apple Music, Spotify, Pandora y iHeartRadio.<\/div>\n<div><\/div>\n<h2>Mira televisi\u00f3n en vivo y televisi\u00f3n gratuita<\/h2>\n<div>Reproduce televisi\u00f3n en vivo, incluyendo noticias y programas deportivos, al suscribirte a Hulu+ Live TV, SLING TV, YouTube TV, entre otros. Adem\u00e1s, mira pel\u00edculas y programas de televisi\u00f3n de manera gratuita, con aplicaciones con soporte publicitario como Pluto TV, Amazon Freevee, y m\u00e1s.<\/div>\n<div><\/div>\n<h2>Con\u00e9ctalo y \u00fasalo una vez que lo saques de la caja<\/h2>\n<div>El dise\u00f1o compacto se conecta directamente a un puerto HDMI y encaja perfectamente detr\u00e1s de tu televisor. Mueve f\u00e1cilmente el Fire TV Stick entre televisores en casa o cuando viajes para que tu contenido viaje contigo.<\/div>\n<div><\/div>\n<h3>La TV es solo el comienzo<\/h3>\n<div>Fire TV es cada vez m\u00e1s inteligente con las nuevas habilidades de Alexa y la funcionalidad por voz. Mira las c\u00e1maras de seguridad en directo, revisa el clima, pide una pizza, y reproduce m\u00fasica en l\u00ednea. Conecta tus dispositivos de hogar inteligente compatibles.<\/div>\n<div><\/div>\n<h3>Un dispositivo certificado para humanos<\/h3>\n<div>Conectarse a Alexa es r\u00e1pido y f\u00e1cil. Se instala en solo 3 pasos, incluso las actualizaciones de software son autom\u00e1ticas. Todos los dispositivos Certificados para Humanos cumplen con un alto est\u00e1ndar y los clientes los adoran porque son sorprendentemente simples. Los productos Certificados para Humanos son dispositivos inteligentes para inexpertos. Dispositivos sin estr\u00e9s y que no necesitan paciencia.<\/div>\n<div><\/div>\n<div><a href=\"https:\/\/wakan.ec\/index.php\/product-category\/dispositivos-alexa\/\">Ver m\u00e1s dispositivos Alexa.<\/a><\/div>\n<div><\/div>\n<div>\n<div>\n<h2>Informaci\u00f3n b\u00e1sica<\/h2>\n<\/div>\n<table class=\"table table-striped\">\n<tbody>\n<tr>\n<td class=\"attrib specifications_lines\">Tama\u00f1o<\/td>\n<td class=\"text-right specifications_lines\">86 x 30 x13 mm<\/td>\n<\/tr>\n<tr>\n<td class=\"attrib specifications_lines\">Peso<\/td>\n<td class=\"text-right specifications_lines\">32 gramos<\/td>\n<\/tr>\n<tr>\n<td class=\"attrib specifications_lines\">Incluido en la caja<\/p>\n<p>&nbsp;<\/td>\n<td class=\"text-right specifications_lines\">Fire TV Stick 3ra Generaci\u00f3n<br \/>\nControl Remoto Alexa<\/td>\n<\/tr>\n<tr>\n<td class=\"attrib specifications_lines\">Requerimientos<\/p>\n<p>&nbsp;<\/td>\n<td class=\"text-right specifications_lines\">Televisi\u00f3n de alta Definici\u00f3n con puerto HDMI disponible.<br \/>\nConexi\u00f3n internet Wifi<br \/>\nFuente de poder<\/td>\n<\/tr>\n<\/tbody>\n<\/table>\n<h2>Hardware<\/h2>\n<table class=\"table table-striped\">\n<tbody>\n<tr>\n<td class=\"attrib specifications_lines\">Procesador<\/td>\n<td class=\"text-right specifications_lines\">Quad-core 1.7 GHz<\/td>\n<\/tr>\n<tr>\n<td class=\"attrib specifications_lines\">Almacenamiento interno<\/td>\n<td class=\"text-right specifications_lines\">8GB<\/td>\n<\/tr>\n<tr>\n<td class=\"attrib specifications_lines\">Redes<\/td>\n<td class=\"text-right specifications_lines\">Bluetooth<\/p>\n<p>WiFi<\/td>\n<\/tr>\n<\/tbody>\n<\/table>\n<h2>Detalles t\u00e9cnicos<\/h2>\n<\/div>\n<div>\n<div>\n<table class=\"table table-striped\">\n<tbody>\n<tr>\n<td class=\"attrib specifications_lines\">Wifi<\/td>\n<td class=\"text-right specifications_lines\">Dual-band, dual-antena<br \/>\nMayor velocidad<br \/>\nMenor ca\u00edda<\/td>\n<\/tr>\n<tr>\n<td class=\"attrib specifications_lines\">Bluetooth<\/td>\n<td class=\"text-right specifications_lines\">5.0 Compatible con parlantes, aud\u00edfonos, controles de videojuegos y m\u00e1s.<\/td>\n<\/tr>\n<tr>\n<td class=\"attrib specifications_lines\">Asistente de voz<\/td>\n<td class=\"text-right specifications_lines\">Alexa<\/td>\n<\/tr>\n<tr>\n<td class=\"attrib specifications_lines\">Control remoto<\/td>\n<td class=\"text-right specifications_lines\">Infrarojo. Puede controlar el dispositivo. Adem\u00e1s encender y modificar el volumen de la TV y dispositivos compatibles.<\/td>\n<\/tr>\n<\/tbody>\n<\/table>\n<\/div>\n<div>\n<div>\n<div>\n<h2>Conectividad<\/h2>\n<\/div>\n<table class=\"table table-striped\">\n<tbody>\n<tr>\n<td class=\"attrib specifications_lines\">Puertos<\/td>\n<td class=\"text-right specifications_lines\">Salida HDMI<br \/>\nMicro-USB para energ\u00eda<\/td>\n<\/tr>\n<tr>\n<td class=\"attrib specifications_lines\">Soporte de Audio<\/td>\n<td class=\"text-right specifications_lines\">Dolby Atmos, Dobly Digital+<\/td>\n<\/tr>\n<tr>\n<td class=\"attrib specifications_lines\">Formatos de v\u00eddeo compatibles<\/td>\n<td class=\"text-right specifications_lines\">HDR10, HDR10+, HLG, H.256, H.264, Vp9<\/td>\n<\/tr>\n<tr>\n<td class=\"attrib specifications_lines\">Resoluci\u00f3n<\/td>\n<td class=\"text-right specifications_lines\">1080p, 720p hasta 60fps<\/td>\n<\/tr>\n<\/tbody>\n<\/table>\n<\/div>\n<div>\n<div>\n<div>\n<h2>Informaci\u00f3n adicional<\/h2>\n<\/div>\n<table class=\"table table-striped\">\n<tbody>\n<tr>\n<td class=\"attrib specifications_lines\">Actualizaciones de seguridad<\/td>\n<td class=\"text-right specifications_lines\">Este dispositivo recibe actualizaciones de seguridad de software garantizadas hasta al menos cuatro a\u00f1os despu\u00e9s de que el dispositivo est\u00e9 disponible por \u00faltima vez para su compra como una unidad nueva en Amazon.<\/td>\n<\/tr>\n<tr>\n<td class=\"attrib specifications_lines\">Garant\u00eda<\/td>\n<td class=\"text-right specifications_lines\">90 d\u00edas<\/td>\n<\/tr>\n<tr>\n<td class=\"attrib specifications_lines\">Disponibilidad de contenido<\/td>\n<td class=\"text-right specifications_lines\">Puede requerir subscripci\u00f3n.<\/p>\n<p>Ciertas aplicaciones y servicios est\u00e1n sujetas a cambios por el distribuidor.<\/td>\n<\/tr>\n<tr>\n<td class=\"attrib specifications_lines\">Aspectos de accesibilidad<\/td>\n<td class=\"text-right specifications_lines\">El lector de pantalla VoiceView permite el acceso a la gran mayor\u00eda de las funciones de Fire TV para usuarios ciegos o con problemas de visi\u00f3n. La lupa de pantalla permite a los espectadores acercar y alejar, y moverse por la pantalla. Text Banner consolida el texto en pantalla en un banner compacto y personalizable que aparece en la pantalla. Mire videos y programas de TV con subt\u00edtulos ocultos. Use Descripci\u00f3n de audio para descripciones verbales de lo que sucede en la pantalla, incluidas acciones f\u00edsicas, expresiones faciales y cambios de escena. Los subt\u00edtulos y las descripciones de audio no est\u00e1n disponibles para todo el contenido. Tambi\u00e9n puedes escuchar Fire TV con auriculares Bluetooth compatibles<\/td>\n<\/tr>\n<\/tbody>\n<\/table>\n<\/div>\n<div>\n<div><span style=\"font-size: 1.7em; font-weight: bold;\">Control Remoto<\/span><\/div>\n<div>\n<div>\n<table class=\"table table-striped\">\n<tbody>\n<tr>\n<td class=\"attrib specifications_lines\">Tama\u00f1o<\/td>\n<td class=\"text-right specifications_lines\">38 x 142 x 16 mm<\/td>\n<\/tr>\n<tr>\n<td class=\"attrib specifications_lines\">Peso<\/td>\n<td class=\"text-right specifications_lines\">43.4 gramos<\/td>\n<\/tr>\n<tr>\n<td class=\"attrib specifications_lines\">Bater\u00edas<\/td>\n<td class=\"text-right specifications_lines\">AAA (incluidas)<\/td>\n<\/tr>\n<tr>\n<td class=\"attrib specifications_lines\">Tecnolog\u00eda<\/td>\n<td class=\"text-right specifications_lines\">Bluetooth<br \/>\nCompatible con FireStick TV, FireStick TV 4K, Fire TV Stick 4K Max<\/td>\n<\/tr>\n<\/tbody>\n<\/table>\n<\/div>\n<p>Descubre m\u00e1s de Alexa en Fire Stick TV: <a href=\"https:\/\/www.youtube.com\/watch?v=J_-0CnR3ESw\">Ver<\/a><\/p>\n<\/div>\n<\/div>\n<\/div>\n<\/div>\n<\/div>\n","protected":false},"excerpt":{"rendered":"<div>\n<p><em>\u00abTener todas tus aplicaciones favoritas en un solo dispositivo es un sue\u00f1o. Me encanta que las aplicaciones m\u00e1s vistas siempre est\u00e1n cerca del frente cuando quiero volver a lo \u00faltimo que estaba viendo.\u00bb &#8211; <\/em>Cordell<\/p>\n<h3>Encuentra lo que quieres ver<\/h3>\n<\/div>\n<ul>\n<li><em>Disfruta de tus favoritos de<\/em>\u00a0Netflix, YouTube, Prime Video, Disney+, HBO y m\u00e1s.<\/li>\n<li>Escucha tu m\u00fasica preferida con el <em>audio envolvente Dolby Atmos<\/em>.<\/li>\n<li>Mira televisi\u00f3n en vivo y televisi\u00f3n gratuita en <em>Full HD<\/em>.<\/li>\n<li>Control con Alexa, botones de encendido y volumen.<\/li>\n<li>Mira tus c\u00e1maras de seguridad, descarga juegos, preg\u00fantale a Alexa y m\u00e1s.<\/li>\n<\/ul>\n<h5>Compra en l\u00ednea sin hacer filas<\/h5>\n","protected":false},"featured_media":819,"comment_status":"open","ping_status":"closed","template":"","meta":{"site-sidebar-layout":"default","site-content-layout":"default","ast-site-content-layout":"default","site-content-style":"default","site-sidebar-style":"default","ast-global-header-display":"","ast-banner-title-visibility":"","ast-main-header-display":"","ast-hfb-above-header-display":"","ast-hfb-below-header-display":"","ast-hfb-mobile-header-display":"","site-post-title":"","ast-breadcrumbs-content":"","ast-featured-img":"","footer-sml-layout":"","ast-disable-related-posts":"","theme-transparent-header-meta":"default","adv-header-id-meta":"","stick-header-meta":"","header-above-stick-meta":"","header-main-stick-meta":"","header-below-stick-meta":"","astra-migrate-meta-layouts":"default","ast-page-background-enabled":"default","ast-page-background-meta":{"desktop":{"background-color":"","background-image":"","background-repeat":"repeat","background-position":"center center","background-size":"auto","background-attachment":"scroll","background-type":"","background-media":"","overlay-type":"","overlay-color":"","overlay-opacity":"","overlay-gradient":""},"tablet":{"background-color":"","background-image":"","background-repeat":"repeat","background-position":"center center","background-size":"auto","background-attachment":"scroll","background-type":"","background-media":"","overlay-type":"","overlay-color":"","overlay-opacity":"","overlay-gradient":""},"mobile":{"background-color":"","background-image":"","background-repeat":"repeat","background-position":"center center","background-size":"auto","background-attachment":"scroll","background-type":"","background-media":"","overlay-type":"","overlay-color":"","overlay-opacity":"","overlay-gradient":""}},"ast-content-background-meta":{"desktop":{"background-color":"var(--ast-global-color-5)","background-image":"","background-repeat":"repeat","background-position":"center center","background-size":"auto","background-attachment":"scroll","background-type":"","background-media":"","overlay-type":"","overlay-color":"","overlay-opacity":"","overlay-gradient":""},"tablet":{"background-color":"var(--ast-global-color-5)","background-image":"","background-repeat":"repeat","background-position":"center center","background-size":"auto","background-attachment":"scroll","background-type":"","background-media":"","overlay-type":"","overlay-color":"","overlay-opacity":"","overlay-gradient":""},"mobile":{"background-color":"var(--ast-global-color-5)","background-image":"","background-repeat":"repeat","background-position":"center center","background-size":"auto","background-attachment":"scroll","background-type":"","background-media":"","overlay-type":"","overlay-color":"","overlay-opacity":"","overlay-gradient":""}}},"product_brand":[],"product_cat":[166,201],"product_tag":[],"class_list":{"0":"post-813","1":"product","2":"type-product","3":"status-publish","4":"has-post-thumbnail","6":"product_cat-dispositivos-alexa","7":"product_cat-fire-tv-stick","8":"desktop-align-left","9":"tablet-align-left","10":"mobile-align-left","12":"first","13":"outofstock","14":"purchasable","15":"product-type-simple"},"yoast_head":"<!-- This site is optimized with the Yoast SEO plugin v27.6 - https:\/\/yoast.com\/product\/yoast-seo-wordpress\/ -->\n<title>Fire TV Stick con Alexa (3ra gen) - Convertidor Smart TV HD<\/title>\n<meta name=\"description\" content=\"Fire TV Stick con Alexa Control por voz Incluye controles de TV, Convertidor Smart TV HD. Disfruta de tus pel\u00edculas, series y m\u00fasica preferida.\" \/>\n<meta name=\"robots\" content=\"index, follow, max-snippet:-1, max-image-preview:large, max-video-preview:-1\" \/>\n<link rel=\"canonical\" href=\"https:\/\/wakan.ec\/index.php\/producto\/fire-tv-stick-con-alexa-3ra-gen-convertidor-smart-tv-hd-incluye-controles-de-tv\/\" \/>\n<meta property=\"og:locale\" content=\"es_ES\" \/>\n<meta property=\"og:type\" content=\"article\" \/>\n<meta property=\"og:title\" content=\"Fire TV Stick con Alexa (3ra gen) - Convertidor Smart TV HD\" \/>\n<meta property=\"og:description\" content=\"Fire TV Stick con Alexa Control por voz Incluye controles de TV, Convertidor Smart TV HD. Disfruta de tus pel\u00edculas, series y m\u00fasica preferida.\" \/>\n<meta property=\"og:url\" content=\"https:\/\/wakan.ec\/index.php\/producto\/fire-tv-stick-con-alexa-3ra-gen-convertidor-smart-tv-hd-incluye-controles-de-tv\/\" \/>\n<meta property=\"og:site_name\" content=\"Wakan.ec\" \/>\n<meta property=\"article:publisher\" content=\"https:\/\/www.facebook.com\/wakantienda\" \/>\n<meta property=\"article:modified_time\" content=\"2025-01-07T20:38:24+00:00\" \/>\n<meta property=\"og:image\" content=\"https:\/\/wakan.ec\/wp-content\/uploads\/2022\/10\/Fire-TV-Stick-con-Alexa-Principal.png\" \/>\n\t<meta property=\"og:image:width\" content=\"1000\" \/>\n\t<meta property=\"og:image:height\" content=\"1000\" \/>\n\t<meta property=\"og:image:type\" content=\"image\/png\" \/>\n<meta name=\"twitter:card\" content=\"summary_large_image\" \/>\n<meta name=\"twitter:label1\" content=\"Tiempo de lectura\" \/>\n\t<meta name=\"twitter:data1\" content=\"4 minutos\" \/>\n<script type=\"application\/ld+json\" class=\"yoast-schema-graph\">{\"@context\":\"https:\\\/\\\/schema.org\",\"@graph\":[{\"@type\":\"WebPage\",\"@id\":\"https:\\\/\\\/wakan.ec\\\/index.php\\\/producto\\\/fire-tv-stick-con-alexa-3ra-gen-convertidor-smart-tv-hd-incluye-controles-de-tv\\\/\",\"url\":\"https:\\\/\\\/wakan.ec\\\/index.php\\\/producto\\\/fire-tv-stick-con-alexa-3ra-gen-convertidor-smart-tv-hd-incluye-controles-de-tv\\\/\",\"name\":\"Fire TV Stick con Alexa (3ra gen) - Convertidor Smart TV HD\",\"isPartOf\":{\"@id\":\"https:\\\/\\\/wakan.ec\\\/#website\"},\"primaryImageOfPage\":{\"@id\":\"https:\\\/\\\/wakan.ec\\\/index.php\\\/producto\\\/fire-tv-stick-con-alexa-3ra-gen-convertidor-smart-tv-hd-incluye-controles-de-tv\\\/#primaryimage\"},\"image\":{\"@id\":\"https:\\\/\\\/wakan.ec\\\/index.php\\\/producto\\\/fire-tv-stick-con-alexa-3ra-gen-convertidor-smart-tv-hd-incluye-controles-de-tv\\\/#primaryimage\"},\"thumbnailUrl\":\"https:\\\/\\\/wakan.ec\\\/wp-content\\\/uploads\\\/2022\\\/10\\\/Fire-TV-Stick-con-Alexa-Principal.png\",\"datePublished\":\"2022-10-31T17:44:16+00:00\",\"dateModified\":\"2025-01-07T20:38:24+00:00\",\"description\":\"Fire TV Stick con Alexa Control por voz Incluye controles de TV, Convertidor Smart TV HD. Disfruta de tus pel\u00edculas, series y m\u00fasica preferida.\",\"breadcrumb\":{\"@id\":\"https:\\\/\\\/wakan.ec\\\/index.php\\\/producto\\\/fire-tv-stick-con-alexa-3ra-gen-convertidor-smart-tv-hd-incluye-controles-de-tv\\\/#breadcrumb\"},\"inLanguage\":\"es\",\"potentialAction\":[{\"@type\":\"ReadAction\",\"target\":[\"https:\\\/\\\/wakan.ec\\\/index.php\\\/producto\\\/fire-tv-stick-con-alexa-3ra-gen-convertidor-smart-tv-hd-incluye-controles-de-tv\\\/\"]}]},{\"@type\":\"ImageObject\",\"inLanguage\":\"es\",\"@id\":\"https:\\\/\\\/wakan.ec\\\/index.php\\\/producto\\\/fire-tv-stick-con-alexa-3ra-gen-convertidor-smart-tv-hd-incluye-controles-de-tv\\\/#primaryimage\",\"url\":\"https:\\\/\\\/wakan.ec\\\/wp-content\\\/uploads\\\/2022\\\/10\\\/Fire-TV-Stick-con-Alexa-Principal.png\",\"contentUrl\":\"https:\\\/\\\/wakan.ec\\\/wp-content\\\/uploads\\\/2022\\\/10\\\/Fire-TV-Stick-con-Alexa-Principal.png\",\"width\":1000,\"height\":1000,\"caption\":\"Fire TV Stick con Alexa - Principal\"},{\"@type\":\"BreadcrumbList\",\"@id\":\"https:\\\/\\\/wakan.ec\\\/index.php\\\/producto\\\/fire-tv-stick-con-alexa-3ra-gen-convertidor-smart-tv-hd-incluye-controles-de-tv\\\/#breadcrumb\",\"itemListElement\":[{\"@type\":\"ListItem\",\"position\":1,\"name\":\"Portada\",\"item\":\"https:\\\/\\\/wakan.ec\\\/\"},{\"@type\":\"ListItem\",\"position\":2,\"name\":\"Fire TV Stick con Alexa (3ra gen) &#8211; Convertidor Smart TV HD &#8211; Incluye controles de TV\"}]},{\"@type\":\"WebSite\",\"@id\":\"https:\\\/\\\/wakan.ec\\\/#website\",\"url\":\"https:\\\/\\\/wakan.ec\\\/\",\"name\":\"Wakan.ec\",\"description\":\"Tech - Fitness, entretenimiento y productividad.\",\"publisher\":{\"@id\":\"https:\\\/\\\/wakan.ec\\\/#organization\"},\"potentialAction\":[{\"@type\":\"SearchAction\",\"target\":{\"@type\":\"EntryPoint\",\"urlTemplate\":\"https:\\\/\\\/wakan.ec\\\/?s={search_term_string}\"},\"query-input\":{\"@type\":\"PropertyValueSpecification\",\"valueRequired\":true,\"valueName\":\"search_term_string\"}}],\"inLanguage\":\"es\"},{\"@type\":\"Organization\",\"@id\":\"https:\\\/\\\/wakan.ec\\\/#organization\",\"name\":\"Wak\u00e1n\",\"url\":\"https:\\\/\\\/wakan.ec\\\/\",\"logo\":{\"@type\":\"ImageObject\",\"inLanguage\":\"es\",\"@id\":\"https:\\\/\\\/wakan.ec\\\/#\\\/schema\\\/logo\\\/image\\\/\",\"url\":\"https:\\\/\\\/wakan.ec\\\/wp-content\\\/uploads\\\/2021\\\/12\\\/wakan-Logo.png\",\"contentUrl\":\"https:\\\/\\\/wakan.ec\\\/wp-content\\\/uploads\\\/2021\\\/12\\\/wakan-Logo.png\",\"width\":1080,\"height\":1080,\"caption\":\"Wak\u00e1n\"},\"image\":{\"@id\":\"https:\\\/\\\/wakan.ec\\\/#\\\/schema\\\/logo\\\/image\\\/\"},\"sameAs\":[\"https:\\\/\\\/www.facebook.com\\\/wakantienda\",\"https:\\\/\\\/www.instagram.com\\\/wakantienda\",\"https:\\\/\\\/www.youtube.com\\\/wakan\"]}]}<\/script>\n<!-- \/ Yoast SEO plugin. -->","yoast_head_json":{"title":"Fire TV Stick con Alexa (3ra gen) - Convertidor Smart TV HD","description":"Fire TV Stick con Alexa Control por voz Incluye controles de TV, Convertidor Smart TV HD. Disfruta de tus pel\u00edculas, series y m\u00fasica preferida.","robots":{"index":"index","follow":"follow","max-snippet":"max-snippet:-1","max-image-preview":"max-image-preview:large","max-video-preview":"max-video-preview:-1"},"canonical":"https:\/\/wakan.ec\/index.php\/producto\/fire-tv-stick-con-alexa-3ra-gen-convertidor-smart-tv-hd-incluye-controles-de-tv\/","og_locale":"es_ES","og_type":"article","og_title":"Fire TV Stick con Alexa (3ra gen) - Convertidor Smart TV HD","og_description":"Fire TV Stick con Alexa Control por voz Incluye controles de TV, Convertidor Smart TV HD. Disfruta de tus pel\u00edculas, series y m\u00fasica preferida.","og_url":"https:\/\/wakan.ec\/index.php\/producto\/fire-tv-stick-con-alexa-3ra-gen-convertidor-smart-tv-hd-incluye-controles-de-tv\/","og_site_name":"Wakan.ec","article_publisher":"https:\/\/www.facebook.com\/wakantienda","article_modified_time":"2025-01-07T20:38:24+00:00","og_image":[{"width":1000,"height":1000,"url":"https:\/\/wakan.ec\/wp-content\/uploads\/2022\/10\/Fire-TV-Stick-con-Alexa-Principal.png","type":"image\/png"}],"twitter_card":"summary_large_image","twitter_misc":{"Tiempo de lectura":"4 minutos"},"schema":{"@context":"https:\/\/schema.org","@graph":[{"@type":"WebPage","@id":"https:\/\/wakan.ec\/index.php\/producto\/fire-tv-stick-con-alexa-3ra-gen-convertidor-smart-tv-hd-incluye-controles-de-tv\/","url":"https:\/\/wakan.ec\/index.php\/producto\/fire-tv-stick-con-alexa-3ra-gen-convertidor-smart-tv-hd-incluye-controles-de-tv\/","name":"Fire TV Stick con Alexa (3ra gen) - Convertidor Smart TV HD","isPartOf":{"@id":"https:\/\/wakan.ec\/#website"},"primaryImageOfPage":{"@id":"https:\/\/wakan.ec\/index.php\/producto\/fire-tv-stick-con-alexa-3ra-gen-convertidor-smart-tv-hd-incluye-controles-de-tv\/#primaryimage"},"image":{"@id":"https:\/\/wakan.ec\/index.php\/producto\/fire-tv-stick-con-alexa-3ra-gen-convertidor-smart-tv-hd-incluye-controles-de-tv\/#primaryimage"},"thumbnailUrl":"https:\/\/wakan.ec\/wp-content\/uploads\/2022\/10\/Fire-TV-Stick-con-Alexa-Principal.png","datePublished":"2022-10-31T17:44:16+00:00","dateModified":"2025-01-07T20:38:24+00:00","description":"Fire TV Stick con Alexa Control por voz Incluye controles de TV, Convertidor Smart TV HD. Disfruta de tus pel\u00edculas, series y m\u00fasica preferida.","breadcrumb":{"@id":"https:\/\/wakan.ec\/index.php\/producto\/fire-tv-stick-con-alexa-3ra-gen-convertidor-smart-tv-hd-incluye-controles-de-tv\/#breadcrumb"},"inLanguage":"es","potentialAction":[{"@type":"ReadAction","target":["https:\/\/wakan.ec\/index.php\/producto\/fire-tv-stick-con-alexa-3ra-gen-convertidor-smart-tv-hd-incluye-controles-de-tv\/"]}]},{"@type":"ImageObject","inLanguage":"es","@id":"https:\/\/wakan.ec\/index.php\/producto\/fire-tv-stick-con-alexa-3ra-gen-convertidor-smart-tv-hd-incluye-controles-de-tv\/#primaryimage","url":"https:\/\/wakan.ec\/wp-content\/uploads\/2022\/10\/Fire-TV-Stick-con-Alexa-Principal.png","contentUrl":"https:\/\/wakan.ec\/wp-content\/uploads\/2022\/10\/Fire-TV-Stick-con-Alexa-Principal.png","width":1000,"height":1000,"caption":"Fire TV Stick con Alexa - Principal"},{"@type":"BreadcrumbList","@id":"https:\/\/wakan.ec\/index.php\/producto\/fire-tv-stick-con-alexa-3ra-gen-convertidor-smart-tv-hd-incluye-controles-de-tv\/#breadcrumb","itemListElement":[{"@type":"ListItem","position":1,"name":"Portada","item":"https:\/\/wakan.ec\/"},{"@type":"ListItem","position":2,"name":"Fire TV Stick con Alexa (3ra gen) &#8211; Convertidor Smart TV HD &#8211; Incluye controles de TV"}]},{"@type":"WebSite","@id":"https:\/\/wakan.ec\/#website","url":"https:\/\/wakan.ec\/","name":"Wakan.ec","description":"Tech - Fitness, entretenimiento y productividad.","publisher":{"@id":"https:\/\/wakan.ec\/#organization"},"potentialAction":[{"@type":"SearchAction","target":{"@type":"EntryPoint","urlTemplate":"https:\/\/wakan.ec\/?s={search_term_string}"},"query-input":{"@type":"PropertyValueSpecification","valueRequired":true,"valueName":"search_term_string"}}],"inLanguage":"es"},{"@type":"Organization","@id":"https:\/\/wakan.ec\/#organization","name":"Wak\u00e1n","url":"https:\/\/wakan.ec\/","logo":{"@type":"ImageObject","inLanguage":"es","@id":"https:\/\/wakan.ec\/#\/schema\/logo\/image\/","url":"https:\/\/wakan.ec\/wp-content\/uploads\/2021\/12\/wakan-Logo.png","contentUrl":"https:\/\/wakan.ec\/wp-content\/uploads\/2021\/12\/wakan-Logo.png","width":1080,"height":1080,"caption":"Wak\u00e1n"},"image":{"@id":"https:\/\/wakan.ec\/#\/schema\/logo\/image\/"},"sameAs":["https:\/\/www.facebook.com\/wakantienda","https:\/\/www.instagram.com\/wakantienda","https:\/\/www.youtube.com\/wakan"]}]}},"_links":{"self":[{"href":"https:\/\/wakan.ec\/index.php\/wp-json\/wp\/v2\/product\/813","targetHints":{"allow":["GET"]}}],"collection":[{"href":"https:\/\/wakan.ec\/index.php\/wp-json\/wp\/v2\/product"}],"about":[{"href":"https:\/\/wakan.ec\/index.php\/wp-json\/wp\/v2\/types\/product"}],"replies":[{"embeddable":true,"href":"https:\/\/wakan.ec\/index.php\/wp-json\/wp\/v2\/comments?post=813"}],"wp:featuredmedia":[{"embeddable":true,"href":"https:\/\/wakan.ec\/index.php\/wp-json\/wp\/v2\/media\/819"}],"wp:attachment":[{"href":"https:\/\/wakan.ec\/index.php\/wp-json\/wp\/v2\/media?parent=813"}],"wp:term":[{"taxonomy":"product_brand","embeddable":true,"href":"https:\/\/wakan.ec\/index.php\/wp-json\/wp\/v2\/product_brand?post=813"},{"taxonomy":"product_cat","embeddable":true,"href":"https:\/\/wakan.ec\/index.php\/wp-json\/wp\/v2\/product_cat?post=813"},{"taxonomy":"product_tag","embeddable":true,"href":"https:\/\/wakan.ec\/index.php\/wp-json\/wp\/v2\/product_tag?post=813"}],"curies":[{"name":"wp","href":"https:\/\/api.w.org\/{rel}","templated":true}]}}