{"id":4328,"date":"2026-05-07T16:01:09","date_gmt":"2026-05-07T21:01:09","guid":{"rendered":"https:\/\/wakan.ec\/?post_type=product&#038;p=4328"},"modified":"2026-05-13T16:05:43","modified_gmt":"2026-05-13T21:05:43","slug":"silent-hill-2-ps5","status":"publish","type":"product","link":"https:\/\/wakan.ec\/index.php\/producto\/silent-hill-2-ps5\/","title":{"rendered":"Silent Hill 2 &#8211; PS5"},"content":{"rendered":"<p>Explora el pueblo abandonado en busca de la esposa fallecida de James en Silent Hill 2 PS5, la versi\u00f3n renovada del cl\u00e1sico juego de terror psicol\u00f3gico.<\/p>\n<h4>Terror psicol\u00f3gico<\/h4>\n<p>Experimenta una obra maestra del terror psicol\u00f3gico, considerado como el mejor juego de la saga en el hardware m\u00e1s avanzado con elementos visuales y sonidos viscerales.<\/p>\n<p>Ponte en el papel de James Sunderland y ad\u00e9ntrate en el pueblo abandonado de Silent Hill en este anticipado remake del cl\u00e1sico de 2001.<\/p>\n<p>Atra\u00eddo a este misterioso lugar por una carta de su esposa que muri\u00f3 3 a\u00f1os atr\u00e1s James se dirige al pueblo en busca de cualquier rastro de su esposa.<\/p>\n<h4>Experiencia inmersiva<\/h4>\n<p>Sum\u00e9rgete en un nuevo nivel de tecnolog\u00eda gr\u00e1fica, potenciada por Unreal Engine 5, aprovecha los paisajes sonoros realistas del entorno con el audio 3D de PlayStation 5 y sum\u00e9rgete por completo en el mundo de Silent Hill.<\/p>\n<p>Col\u00f3cate en el medio de la acci\u00f3n con un nuevo punto de vista sobre el hombro y un combate modernizado y actualizado d\u00f3nde enfrentar\u00e1s monstruos terror\u00edficos en encuentros m\u00e1s emocionantes que nunca.<\/p>\n<p>Mira el perturbador mundo de Silent Hill como nunca antes y disfruta de una experiencia narrativa a\u00fan m\u00e1s inmersiva con nuevos y avanzados gr\u00e1ficos que incluyen trazado de rayos.<\/p>\n<h4>Pi\u00e9rdete en la niebla<\/h4>\n<p>Entra en un mundo irreal donde encontrar\u00e1s monstruos retorcidos, al amenazante Pyramid Head y un reparto de personajes aparentemente normales que luchan con su pasado.<\/p>\n<p>James se adentra en el misterioso pueblo de Silent Hill, d\u00f3nde se conjugan el amor y la oscuridad, lo que le espera es una pesadilla horrible envuelta en niebla y repleta de monstruos.<\/p>\n<p>Mientras James acepta su propio caos una pregunta persistir\u00e1 \u00bfpor qu\u00e9 vino a Silent Hill en realidad?<\/p>\n<h4>En la caja<\/h4>\n<ul>\n<li>Disco Silent Hill 2 &#8211; PS5<\/li>\n<li>Contenido adicional<\/li>\n<\/ul>\n","protected":false},"excerpt":{"rendered":"<p><em>Ad\u00e9ntrate en el pueblo abandonado como James, atra\u00eddo a este misterioso lugar por una carta de su esposa en busca de cualquier rastro.<\/em><\/p>\n<h4>Largas noches sin dormir<\/h4>\n<ul>\n<li><span style=\"font-size: 16px;\">Disfruta de una experiencia narrativa a\u00fan m\u00e1s inmersiva.<\/span><\/li>\n<li><span style=\"font-size: 16px;\">Experimenta el perturbador mundo de Silent Hill como nunca antes.<\/span><\/li>\n<li><span style=\"font-size: 16px;\">Sum\u00e9rgete en las gr\u00e1ficas potenciadas por Unreal Engine 5.<\/span><\/li>\n<li><span style=\"font-size: 16px;\">Imagen de \u00faltima generaci\u00f3n con trazado de rayos.<\/span><\/li>\n<li><span style=\"font-size: 16px;\">Paisajes sonoros realistas con audio 3D.<\/span><\/li>\n<\/ul>\n<p><em>Juego en formato f\u00edsico.<\/em><\/p>\n<h4>Rec\u00edbelo en todo el Ecuador.<\/h4>\n<p>Estado: Nuevo\/Sellado<\/p>\n","protected":false},"featured_media":4348,"comment_status":"open","ping_status":"closed","template":"","meta":{"site-sidebar-layout":"default","site-content-layout":"","ast-site-content-layout":"default","site-content-style":"default","site-sidebar-style":"default","ast-global-header-display":"","ast-banner-title-visibility":"","ast-main-header-display":"","ast-hfb-above-header-display":"","ast-hfb-below-header-display":"","ast-hfb-mobile-header-display":"","site-post-title":"","ast-breadcrumbs-content":"","ast-featured-img":"","footer-sml-layout":"","ast-disable-related-posts":"","theme-transparent-header-meta":"default","adv-header-id-meta":"","stick-header-meta":"","header-above-stick-meta":"","header-main-stick-meta":"","header-below-stick-meta":"","astra-migrate-meta-layouts":"set","ast-page-background-enabled":"default","ast-page-background-meta":{"desktop":{"background-color":"","background-image":"","background-repeat":"repeat","background-position":"center center","background-size":"auto","background-attachment":"scroll","background-type":"","background-media":"","overlay-type":"","overlay-color":"","overlay-opacity":"","overlay-gradient":""},"tablet":{"background-color":"","background-image":"","background-repeat":"repeat","background-position":"center center","background-size":"auto","background-attachment":"scroll","background-type":"","background-media":"","overlay-type":"","overlay-color":"","overlay-opacity":"","overlay-gradient":""},"mobile":{"background-color":"","background-image":"","background-repeat":"repeat","background-position":"center center","background-size":"auto","background-attachment":"scroll","background-type":"","background-media":"","overlay-type":"","overlay-color":"","overlay-opacity":"","overlay-gradient":""}},"ast-content-background-meta":{"desktop":{"background-color":"var(--ast-global-color-5)","background-image":"","background-repeat":"repeat","background-position":"center center","background-size":"auto","background-attachment":"scroll","background-type":"","background-media":"","overlay-type":"","overlay-color":"","overlay-opacity":"","overlay-gradient":""},"tablet":{"background-color":"var(--ast-global-color-5)","background-image":"","background-repeat":"repeat","background-position":"center center","background-size":"auto","background-attachment":"scroll","background-type":"","background-media":"","overlay-type":"","overlay-color":"","overlay-opacity":"","overlay-gradient":""},"mobile":{"background-color":"var(--ast-global-color-5)","background-image":"","background-repeat":"repeat","background-position":"center center","background-size":"auto","background-attachment":"scroll","background-type":"","background-media":"","overlay-type":"","overlay-color":"","overlay-opacity":"","overlay-gradient":""}}},"product_brand":[],"product_cat":[241],"product_tag":[],"class_list":{"0":"post-4328","1":"product","2":"type-product","3":"status-publish","4":"has-post-thumbnail","6":"product_cat-ps5","7":"desktop-align-left","8":"tablet-align-left","9":"mobile-align-left","11":"first","12":"instock","13":"sale","14":"purchasable","15":"product-type-simple"},"yoast_head":"<!-- This site is optimized with the Yoast SEO plugin v27.6 - https:\/\/yoast.com\/product\/yoast-seo-wordpress\/ -->\n<title>Silent Hill 2 - PS5 - Wakan.ec<\/title>\n<meta name=\"description\" content=\"Explora el pueblo abandonado en busca de la esposa fallecida de James en Silent Hill 2 PS5, la versi\u00f3n renovada del cl\u00e1sico juego de terror psicol\u00f3gico.\" \/>\n<meta name=\"robots\" content=\"index, follow, max-snippet:-1, max-image-preview:large, max-video-preview:-1\" \/>\n<link rel=\"canonical\" href=\"https:\/\/wakan.ec\/index.php\/producto\/silent-hill-2-ps5\/\" \/>\n<meta property=\"og:locale\" content=\"es_ES\" \/>\n<meta property=\"og:type\" content=\"article\" \/>\n<meta property=\"og:title\" content=\"Silent Hill 2 - PS5 - Wakan.ec\" \/>\n<meta property=\"og:description\" content=\"Explora el pueblo abandonado en busca de la esposa fallecida de James en Silent Hill 2 PS5, la versi\u00f3n renovada del cl\u00e1sico juego de terror psicol\u00f3gico.\" \/>\n<meta property=\"og:url\" content=\"https:\/\/wakan.ec\/index.php\/producto\/silent-hill-2-ps5\/\" \/>\n<meta property=\"og:site_name\" content=\"Wakan.ec\" \/>\n<meta property=\"article:publisher\" content=\"https:\/\/www.facebook.com\/wakantienda\" \/>\n<meta property=\"article:modified_time\" content=\"2026-05-13T21:05:43+00:00\" \/>\n<meta property=\"og:image\" content=\"https:\/\/wakan.ec\/wp-content\/uploads\/2026\/05\/wp-17787040709322806619239864089012.png\" \/>\n\t<meta property=\"og:image:width\" content=\"1000\" \/>\n\t<meta property=\"og:image:height\" content=\"1000\" \/>\n\t<meta property=\"og:image:type\" content=\"image\/png\" \/>\n<meta name=\"twitter:card\" content=\"summary_large_image\" \/>\n<meta name=\"twitter:label1\" content=\"Tiempo de lectura\" \/>\n\t<meta name=\"twitter:data1\" content=\"2 minutos\" \/>\n<script type=\"application\/ld+json\" class=\"yoast-schema-graph\">{\"@context\":\"https:\\\/\\\/schema.org\",\"@graph\":[{\"@type\":\"WebPage\",\"@id\":\"https:\\\/\\\/wakan.ec\\\/index.php\\\/producto\\\/silent-hill-2-ps5\\\/\",\"url\":\"https:\\\/\\\/wakan.ec\\\/index.php\\\/producto\\\/silent-hill-2-ps5\\\/\",\"name\":\"Silent Hill 2 - PS5 - Wakan.ec\",\"isPartOf\":{\"@id\":\"https:\\\/\\\/wakan.ec\\\/#website\"},\"primaryImageOfPage\":{\"@id\":\"https:\\\/\\\/wakan.ec\\\/index.php\\\/producto\\\/silent-hill-2-ps5\\\/#primaryimage\"},\"image\":{\"@id\":\"https:\\\/\\\/wakan.ec\\\/index.php\\\/producto\\\/silent-hill-2-ps5\\\/#primaryimage\"},\"thumbnailUrl\":\"https:\\\/\\\/wakan.ec\\\/wp-content\\\/uploads\\\/2026\\\/05\\\/wp-17787040709322806619239864089012.png\",\"datePublished\":\"2026-05-07T21:01:09+00:00\",\"dateModified\":\"2026-05-13T21:05:43+00:00\",\"description\":\"Explora el pueblo abandonado en busca de la esposa fallecida de James en Silent Hill 2 PS5, la versi\u00f3n renovada del cl\u00e1sico juego de terror psicol\u00f3gico.\",\"breadcrumb\":{\"@id\":\"https:\\\/\\\/wakan.ec\\\/index.php\\\/producto\\\/silent-hill-2-ps5\\\/#breadcrumb\"},\"inLanguage\":\"es\",\"potentialAction\":[{\"@type\":\"ReadAction\",\"target\":[\"https:\\\/\\\/wakan.ec\\\/index.php\\\/producto\\\/silent-hill-2-ps5\\\/\"]}]},{\"@type\":\"ImageObject\",\"inLanguage\":\"es\",\"@id\":\"https:\\\/\\\/wakan.ec\\\/index.php\\\/producto\\\/silent-hill-2-ps5\\\/#primaryimage\",\"url\":\"https:\\\/\\\/wakan.ec\\\/wp-content\\\/uploads\\\/2026\\\/05\\\/wp-17787040709322806619239864089012.png\",\"contentUrl\":\"https:\\\/\\\/wakan.ec\\\/wp-content\\\/uploads\\\/2026\\\/05\\\/wp-17787040709322806619239864089012.png\",\"width\":1000,\"height\":1000,\"caption\":\"Silent Hill 2 - PS5 - Ecuador\"},{\"@type\":\"BreadcrumbList\",\"@id\":\"https:\\\/\\\/wakan.ec\\\/index.php\\\/producto\\\/silent-hill-2-ps5\\\/#breadcrumb\",\"itemListElement\":[{\"@type\":\"ListItem\",\"position\":1,\"name\":\"Portada\",\"item\":\"https:\\\/\\\/wakan.ec\\\/\"},{\"@type\":\"ListItem\",\"position\":2,\"name\":\"Silent Hill 2 &#8211; PS5\"}]},{\"@type\":\"WebSite\",\"@id\":\"https:\\\/\\\/wakan.ec\\\/#website\",\"url\":\"https:\\\/\\\/wakan.ec\\\/\",\"name\":\"Wakan.ec\",\"description\":\"Tech - Fitness, entretenimiento y productividad.\",\"publisher\":{\"@id\":\"https:\\\/\\\/wakan.ec\\\/#organization\"},\"potentialAction\":[{\"@type\":\"SearchAction\",\"target\":{\"@type\":\"EntryPoint\",\"urlTemplate\":\"https:\\\/\\\/wakan.ec\\\/?s={search_term_string}\"},\"query-input\":{\"@type\":\"PropertyValueSpecification\",\"valueRequired\":true,\"valueName\":\"search_term_string\"}}],\"inLanguage\":\"es\"},{\"@type\":\"Organization\",\"@id\":\"https:\\\/\\\/wakan.ec\\\/#organization\",\"name\":\"Wak\u00e1n\",\"url\":\"https:\\\/\\\/wakan.ec\\\/\",\"logo\":{\"@type\":\"ImageObject\",\"inLanguage\":\"es\",\"@id\":\"https:\\\/\\\/wakan.ec\\\/#\\\/schema\\\/logo\\\/image\\\/\",\"url\":\"https:\\\/\\\/wakan.ec\\\/wp-content\\\/uploads\\\/2021\\\/12\\\/wakan-Logo.png\",\"contentUrl\":\"https:\\\/\\\/wakan.ec\\\/wp-content\\\/uploads\\\/2021\\\/12\\\/wakan-Logo.png\",\"width\":1080,\"height\":1080,\"caption\":\"Wak\u00e1n\"},\"image\":{\"@id\":\"https:\\\/\\\/wakan.ec\\\/#\\\/schema\\\/logo\\\/image\\\/\"},\"sameAs\":[\"https:\\\/\\\/www.facebook.com\\\/wakantienda\",\"https:\\\/\\\/www.instagram.com\\\/wakantienda\",\"https:\\\/\\\/www.youtube.com\\\/wakan\"]}]}<\/script>\n<!-- \/ Yoast SEO plugin. -->","yoast_head_json":{"title":"Silent Hill 2 - PS5 - Wakan.ec","description":"Explora el pueblo abandonado en busca de la esposa fallecida de James en Silent Hill 2 PS5, la versi\u00f3n renovada del cl\u00e1sico juego de terror psicol\u00f3gico.","robots":{"index":"index","follow":"follow","max-snippet":"max-snippet:-1","max-image-preview":"max-image-preview:large","max-video-preview":"max-video-preview:-1"},"canonical":"https:\/\/wakan.ec\/index.php\/producto\/silent-hill-2-ps5\/","og_locale":"es_ES","og_type":"article","og_title":"Silent Hill 2 - PS5 - Wakan.ec","og_description":"Explora el pueblo abandonado en busca de la esposa fallecida de James en Silent Hill 2 PS5, la versi\u00f3n renovada del cl\u00e1sico juego de terror psicol\u00f3gico.","og_url":"https:\/\/wakan.ec\/index.php\/producto\/silent-hill-2-ps5\/","og_site_name":"Wakan.ec","article_publisher":"https:\/\/www.facebook.com\/wakantienda","article_modified_time":"2026-05-13T21:05:43+00:00","og_image":[{"width":1000,"height":1000,"url":"https:\/\/wakan.ec\/wp-content\/uploads\/2026\/05\/wp-17787040709322806619239864089012.png","type":"image\/png"}],"twitter_card":"summary_large_image","twitter_misc":{"Tiempo de lectura":"2 minutos"},"schema":{"@context":"https:\/\/schema.org","@graph":[{"@type":"WebPage","@id":"https:\/\/wakan.ec\/index.php\/producto\/silent-hill-2-ps5\/","url":"https:\/\/wakan.ec\/index.php\/producto\/silent-hill-2-ps5\/","name":"Silent Hill 2 - PS5 - Wakan.ec","isPartOf":{"@id":"https:\/\/wakan.ec\/#website"},"primaryImageOfPage":{"@id":"https:\/\/wakan.ec\/index.php\/producto\/silent-hill-2-ps5\/#primaryimage"},"image":{"@id":"https:\/\/wakan.ec\/index.php\/producto\/silent-hill-2-ps5\/#primaryimage"},"thumbnailUrl":"https:\/\/wakan.ec\/wp-content\/uploads\/2026\/05\/wp-17787040709322806619239864089012.png","datePublished":"2026-05-07T21:01:09+00:00","dateModified":"2026-05-13T21:05:43+00:00","description":"Explora el pueblo abandonado en busca de la esposa fallecida de James en Silent Hill 2 PS5, la versi\u00f3n renovada del cl\u00e1sico juego de terror psicol\u00f3gico.","breadcrumb":{"@id":"https:\/\/wakan.ec\/index.php\/producto\/silent-hill-2-ps5\/#breadcrumb"},"inLanguage":"es","potentialAction":[{"@type":"ReadAction","target":["https:\/\/wakan.ec\/index.php\/producto\/silent-hill-2-ps5\/"]}]},{"@type":"ImageObject","inLanguage":"es","@id":"https:\/\/wakan.ec\/index.php\/producto\/silent-hill-2-ps5\/#primaryimage","url":"https:\/\/wakan.ec\/wp-content\/uploads\/2026\/05\/wp-17787040709322806619239864089012.png","contentUrl":"https:\/\/wakan.ec\/wp-content\/uploads\/2026\/05\/wp-17787040709322806619239864089012.png","width":1000,"height":1000,"caption":"Silent Hill 2 - PS5 - Ecuador"},{"@type":"BreadcrumbList","@id":"https:\/\/wakan.ec\/index.php\/producto\/silent-hill-2-ps5\/#breadcrumb","itemListElement":[{"@type":"ListItem","position":1,"name":"Portada","item":"https:\/\/wakan.ec\/"},{"@type":"ListItem","position":2,"name":"Silent Hill 2 &#8211; PS5"}]},{"@type":"WebSite","@id":"https:\/\/wakan.ec\/#website","url":"https:\/\/wakan.ec\/","name":"Wakan.ec","description":"Tech - Fitness, entretenimiento y productividad.","publisher":{"@id":"https:\/\/wakan.ec\/#organization"},"potentialAction":[{"@type":"SearchAction","target":{"@type":"EntryPoint","urlTemplate":"https:\/\/wakan.ec\/?s={search_term_string}"},"query-input":{"@type":"PropertyValueSpecification","valueRequired":true,"valueName":"search_term_string"}}],"inLanguage":"es"},{"@type":"Organization","@id":"https:\/\/wakan.ec\/#organization","name":"Wak\u00e1n","url":"https:\/\/wakan.ec\/","logo":{"@type":"ImageObject","inLanguage":"es","@id":"https:\/\/wakan.ec\/#\/schema\/logo\/image\/","url":"https:\/\/wakan.ec\/wp-content\/uploads\/2021\/12\/wakan-Logo.png","contentUrl":"https:\/\/wakan.ec\/wp-content\/uploads\/2021\/12\/wakan-Logo.png","width":1080,"height":1080,"caption":"Wak\u00e1n"},"image":{"@id":"https:\/\/wakan.ec\/#\/schema\/logo\/image\/"},"sameAs":["https:\/\/www.facebook.com\/wakantienda","https:\/\/www.instagram.com\/wakantienda","https:\/\/www.youtube.com\/wakan"]}]}},"_links":{"self":[{"href":"https:\/\/wakan.ec\/index.php\/wp-json\/wp\/v2\/product\/4328","targetHints":{"allow":["GET"]}}],"collection":[{"href":"https:\/\/wakan.ec\/index.php\/wp-json\/wp\/v2\/product"}],"about":[{"href":"https:\/\/wakan.ec\/index.php\/wp-json\/wp\/v2\/types\/product"}],"replies":[{"embeddable":true,"href":"https:\/\/wakan.ec\/index.php\/wp-json\/wp\/v2\/comments?post=4328"}],"wp:featuredmedia":[{"embeddable":true,"href":"https:\/\/wakan.ec\/index.php\/wp-json\/wp\/v2\/media\/4348"}],"wp:attachment":[{"href":"https:\/\/wakan.ec\/index.php\/wp-json\/wp\/v2\/media?parent=4328"}],"wp:term":[{"taxonomy":"product_brand","embeddable":true,"href":"https:\/\/wakan.ec\/index.php\/wp-json\/wp\/v2\/product_brand?post=4328"},{"taxonomy":"product_cat","embeddable":true,"href":"https:\/\/wakan.ec\/index.php\/wp-json\/wp\/v2\/product_cat?post=4328"},{"taxonomy":"product_tag","embeddable":true,"href":"https:\/\/wakan.ec\/index.php\/wp-json\/wp\/v2\/product_tag?post=4328"}],"curies":[{"name":"wp","href":"https:\/\/api.w.org\/{rel}","templated":true}]}}