{"id":4019,"date":"2026-03-09T10:58:48","date_gmt":"2026-03-09T15:58:48","guid":{"rendered":"https:\/\/wakan.ec\/?post_type=product&#038;p=4019"},"modified":"2026-04-14T10:20:26","modified_gmt":"2026-04-14T15:20:26","slug":"huawei-freeclip-2-oro-rosa","status":"publish","type":"product","link":"https:\/\/wakan.ec\/index.php\/producto\/huawei-freeclip-2-oro-rosa\/","title":{"rendered":"Huawei FreeClip 2 &#8211; Oro Rosa"},"content":{"rendered":"<p>El nuevo dise\u00f1o con estilo denim resalta la elegancia de los Huawei FreeClip 2 Oro Rosa.<\/p>\n<h4>Se adaptan a la perfecci\u00f3n<\/h4>\n<p>El m\u00f3dulo central es un 11% m\u00e1s peque\u00f1o lo que lo hace tan c\u00f3modo que ni siquiera notar\u00e1s que lo llevas puesto.<\/p>\n<p>La esfera ac\u00fastica puede parecer peque\u00f1a, pero tiene una gran potencia gracias al driver de diafragma dual.<\/p>\n<p>Con tan solo 5.1 gramos de peso son pr\u00e1cticamente imperceptibles.<\/p>\n<h4>Elegante dise\u00f1o denim<\/h4>\n<p>La superficie de los auriculares es resistente a las manchas y su textura tipo denim ofrece un tacto delicado en las manos.<\/p>\n<p>El C-Bridge es m\u00e1s suave y amable con la piel, est\u00e1 fabricado con silicona l\u00edquida y una aleaci\u00f3n con memoria de forma.<\/p>\n<p>Disfruta de un agarre c\u00f3modo, el estuche de carga es m\u00e1s compacto y ligero con el espacio perfecto en su interior.<\/p>\n<h4>Escucha alto y claro<\/h4>\n<p>Estos diminutos aud\u00edfonos guardan una gran potencia con un volumen 100% m\u00e1s fuerte gracias a un poderoso driver de diafragma dual.<\/p>\n<p>Disfruta de llamadas n\u00edtidas y un sonido sorprendente, el procesador NPU potenciado con IA ofrece una potencia de c\u00e1lculo 10 veces superior.<\/p>\n<p>Estos auriculares se adaptan a cualquier situaci\u00f3n, ajustan autom\u00e1ticamente el volumen para mantener un audio claro.<\/p>\n<h4>Voces n\u00edtidas<\/h4>\n<p>Los Huawei FreeClip 2 Oro Rosa mejoran la nitidez de la voz para que todas las conversaciones, podcasts y audiolibros se escuchen con total claridad.<\/p>\n<p>Llamadas con voces n\u00edtidas, sin ruidos molestos gracias a un avanzado sistema de cancelaci\u00f3n de ruido de llamadas con tres micr\u00f3fonos y algoritmos DNN multicanal.<\/p>\n<p>Resistencia IP57, reconocimiento del canal auditivo izquierdo y derecho, poderosa autonom\u00eda hasta 38 horas, c\u00f3modo y r\u00e1pido control por gestos.<\/p>\n<p><em>Compatibles con iOs, Android, Huawei, Windows y m\u00e1s.<\/em><\/p>\n<h4>En la caja<\/h4>\n<ul>\n<li>Huawei FreeClip 2 &#8211; Oro Rosa <em>x2<\/em><\/li>\n<li>Estuche de carga <em>x1<\/em><\/li>\n<li>Tarjeta de garant\u00eda <em>x1<\/em><\/li>\n<\/ul>\n<h4><em>Huawei con 12 meses de garant\u00eda<\/em><\/h4>\n","protected":false},"excerpt":{"rendered":"<p><em>C-Bridge fabricado con silicona l\u00edquida, m\u00e1s suave con la piel y esfera ac\u00fastica m\u00e1s compacta y ligera con textura denim.<\/em><\/p>\n<h4>Escucha alto y claro<\/h4>\n<ul>\n<li>Sonido 100% m\u00e1s potente con driver de diafragma dual.<\/li>\n<li><span style=\"font-size: 16px;\">Avanzado sistema de ANC con tres micr\u00f3fonos.<\/span><\/li>\n<li>Llamadas con voces n\u00edtidas.<\/li>\n<li><span style=\"font-size: 16px;\">C\u00f3modo y r\u00e1pido control por gestos.<\/span><\/li>\n<li><span style=\"font-size: 16px;\">Poderosa autonom\u00eda hasta 38 horas.<\/span><\/li>\n<\/ul>\n<h4>Rec\u00edbelos en todo el Ecuador<\/h4>\n<p>Estado: Nuevo\/Sellado<\/p>\n<p><em>Compatibles con iOs, Android, Huawei, Windows y m\u00e1s.<\/em><\/p>\n","protected":false},"featured_media":4000,"comment_status":"open","ping_status":"closed","template":"","meta":{"site-sidebar-layout":"default","site-content-layout":"","ast-site-content-layout":"default","site-content-style":"default","site-sidebar-style":"default","ast-global-header-display":"","ast-banner-title-visibility":"","ast-main-header-display":"","ast-hfb-above-header-display":"","ast-hfb-below-header-display":"","ast-hfb-mobile-header-display":"","site-post-title":"","ast-breadcrumbs-content":"","ast-featured-img":"","footer-sml-layout":"","ast-disable-related-posts":"","theme-transparent-header-meta":"default","adv-header-id-meta":"","stick-header-meta":"","header-above-stick-meta":"","header-main-stick-meta":"","header-below-stick-meta":"","astra-migrate-meta-layouts":"set","ast-page-background-enabled":"default","ast-page-background-meta":{"desktop":{"background-color":"","background-image":"","background-repeat":"repeat","background-position":"center center","background-size":"auto","background-attachment":"scroll","background-type":"","background-media":"","overlay-type":"","overlay-color":"","overlay-opacity":"","overlay-gradient":""},"tablet":{"background-color":"","background-image":"","background-repeat":"repeat","background-position":"center center","background-size":"auto","background-attachment":"scroll","background-type":"","background-media":"","overlay-type":"","overlay-color":"","overlay-opacity":"","overlay-gradient":""},"mobile":{"background-color":"","background-image":"","background-repeat":"repeat","background-position":"center center","background-size":"auto","background-attachment":"scroll","background-type":"","background-media":"","overlay-type":"","overlay-color":"","overlay-opacity":"","overlay-gradient":""}},"ast-content-background-meta":{"desktop":{"background-color":"var(--ast-global-color-5)","background-image":"","background-repeat":"repeat","background-position":"center center","background-size":"auto","background-attachment":"scroll","background-type":"","background-media":"","overlay-type":"","overlay-color":"","overlay-opacity":"","overlay-gradient":""},"tablet":{"background-color":"var(--ast-global-color-5)","background-image":"","background-repeat":"repeat","background-position":"center center","background-size":"auto","background-attachment":"scroll","background-type":"","background-media":"","overlay-type":"","overlay-color":"","overlay-opacity":"","overlay-gradient":""},"mobile":{"background-color":"var(--ast-global-color-5)","background-image":"","background-repeat":"repeat","background-position":"center center","background-size":"auto","background-attachment":"scroll","background-type":"","background-media":"","overlay-type":"","overlay-color":"","overlay-opacity":"","overlay-gradient":""}}},"product_brand":[],"product_cat":[244],"product_tag":[],"class_list":{"0":"post-4019","1":"product","2":"type-product","3":"status-publish","4":"has-post-thumbnail","6":"product_cat-huawei-freeclip-2","7":"desktop-align-left","8":"tablet-align-left","9":"mobile-align-left","11":"first","12":"instock","13":"sale","14":"purchasable","15":"product-type-simple"},"yoast_head":"<!-- This site is optimized with the Yoast SEO plugin v27.5 - https:\/\/yoast.com\/product\/yoast-seo-wordpress\/ -->\n<title>Huawei FreeClip 2 - Oro Rosa - Wakan.ec<\/title>\n<meta name=\"description\" content=\"Comodidad para todo el d\u00eda, sonido directo y llamadas claras en entornos ruidosos. Pide tus Huawei FreeClip 2 Oro Rosa en todo el Ecuador.\" \/>\n<meta name=\"robots\" content=\"index, follow, max-snippet:-1, max-image-preview:large, max-video-preview:-1\" \/>\n<link rel=\"canonical\" href=\"https:\/\/wakan.ec\/index.php\/producto\/huawei-freeclip-2-oro-rosa\/\" \/>\n<meta property=\"og:locale\" content=\"es_ES\" \/>\n<meta property=\"og:type\" content=\"article\" \/>\n<meta property=\"og:title\" content=\"Huawei FreeClip 2 - Oro Rosa - Wakan.ec\" \/>\n<meta property=\"og:description\" content=\"Comodidad para todo el d\u00eda, sonido directo y llamadas claras en entornos ruidosos. Pide tus Huawei FreeClip 2 Oro Rosa en todo el Ecuador.\" \/>\n<meta property=\"og:url\" content=\"https:\/\/wakan.ec\/index.php\/producto\/huawei-freeclip-2-oro-rosa\/\" \/>\n<meta property=\"og:site_name\" content=\"Wakan.ec\" \/>\n<meta property=\"article:publisher\" content=\"https:\/\/www.facebook.com\/wakantienda\" \/>\n<meta property=\"article:modified_time\" content=\"2026-04-14T15:20:26+00:00\" \/>\n<meta property=\"og:image\" content=\"https:\/\/wakan.ec\/wp-content\/uploads\/2026\/03\/wp-17727427325738619331611203910850.png\" \/>\n\t<meta property=\"og:image:width\" content=\"1000\" \/>\n\t<meta property=\"og:image:height\" content=\"1000\" \/>\n\t<meta property=\"og:image:type\" content=\"image\/png\" \/>\n<meta name=\"twitter:card\" content=\"summary_large_image\" \/>\n<meta name=\"twitter:label1\" content=\"Tiempo de lectura\" \/>\n\t<meta name=\"twitter:data1\" content=\"2 minutos\" \/>\n<script type=\"application\/ld+json\" class=\"yoast-schema-graph\">{\"@context\":\"https:\\\/\\\/schema.org\",\"@graph\":[{\"@type\":\"WebPage\",\"@id\":\"https:\\\/\\\/wakan.ec\\\/index.php\\\/producto\\\/huawei-freeclip-2-oro-rosa\\\/\",\"url\":\"https:\\\/\\\/wakan.ec\\\/index.php\\\/producto\\\/huawei-freeclip-2-oro-rosa\\\/\",\"name\":\"Huawei FreeClip 2 - Oro Rosa - Wakan.ec\",\"isPartOf\":{\"@id\":\"https:\\\/\\\/wakan.ec\\\/#website\"},\"primaryImageOfPage\":{\"@id\":\"https:\\\/\\\/wakan.ec\\\/index.php\\\/producto\\\/huawei-freeclip-2-oro-rosa\\\/#primaryimage\"},\"image\":{\"@id\":\"https:\\\/\\\/wakan.ec\\\/index.php\\\/producto\\\/huawei-freeclip-2-oro-rosa\\\/#primaryimage\"},\"thumbnailUrl\":\"https:\\\/\\\/wakan.ec\\\/wp-content\\\/uploads\\\/2026\\\/03\\\/wp-17727427325738619331611203910850.png\",\"datePublished\":\"2026-03-09T15:58:48+00:00\",\"dateModified\":\"2026-04-14T15:20:26+00:00\",\"description\":\"Comodidad para todo el d\u00eda, sonido directo y llamadas claras en entornos ruidosos. Pide tus Huawei FreeClip 2 Oro Rosa en todo el Ecuador.\",\"breadcrumb\":{\"@id\":\"https:\\\/\\\/wakan.ec\\\/index.php\\\/producto\\\/huawei-freeclip-2-oro-rosa\\\/#breadcrumb\"},\"inLanguage\":\"es\",\"potentialAction\":[{\"@type\":\"ReadAction\",\"target\":[\"https:\\\/\\\/wakan.ec\\\/index.php\\\/producto\\\/huawei-freeclip-2-oro-rosa\\\/\"]}]},{\"@type\":\"ImageObject\",\"inLanguage\":\"es\",\"@id\":\"https:\\\/\\\/wakan.ec\\\/index.php\\\/producto\\\/huawei-freeclip-2-oro-rosa\\\/#primaryimage\",\"url\":\"https:\\\/\\\/wakan.ec\\\/wp-content\\\/uploads\\\/2026\\\/03\\\/wp-17727427325738619331611203910850.png\",\"contentUrl\":\"https:\\\/\\\/wakan.ec\\\/wp-content\\\/uploads\\\/2026\\\/03\\\/wp-17727427325738619331611203910850.png\",\"width\":1000,\"height\":1000,\"caption\":\"Huawei FreeClip 2 - Oro Rosa - Ecuador\"},{\"@type\":\"BreadcrumbList\",\"@id\":\"https:\\\/\\\/wakan.ec\\\/index.php\\\/producto\\\/huawei-freeclip-2-oro-rosa\\\/#breadcrumb\",\"itemListElement\":[{\"@type\":\"ListItem\",\"position\":1,\"name\":\"Portada\",\"item\":\"https:\\\/\\\/wakan.ec\\\/\"},{\"@type\":\"ListItem\",\"position\":2,\"name\":\"Huawei FreeClip 2 &#8211; Oro Rosa\"}]},{\"@type\":\"WebSite\",\"@id\":\"https:\\\/\\\/wakan.ec\\\/#website\",\"url\":\"https:\\\/\\\/wakan.ec\\\/\",\"name\":\"Wakan.ec\",\"description\":\"Tech - Fitness, entretenimiento y productividad.\",\"publisher\":{\"@id\":\"https:\\\/\\\/wakan.ec\\\/#organization\"},\"potentialAction\":[{\"@type\":\"SearchAction\",\"target\":{\"@type\":\"EntryPoint\",\"urlTemplate\":\"https:\\\/\\\/wakan.ec\\\/?s={search_term_string}\"},\"query-input\":{\"@type\":\"PropertyValueSpecification\",\"valueRequired\":true,\"valueName\":\"search_term_string\"}}],\"inLanguage\":\"es\"},{\"@type\":\"Organization\",\"@id\":\"https:\\\/\\\/wakan.ec\\\/#organization\",\"name\":\"Wak\u00e1n\",\"url\":\"https:\\\/\\\/wakan.ec\\\/\",\"logo\":{\"@type\":\"ImageObject\",\"inLanguage\":\"es\",\"@id\":\"https:\\\/\\\/wakan.ec\\\/#\\\/schema\\\/logo\\\/image\\\/\",\"url\":\"https:\\\/\\\/wakan.ec\\\/wp-content\\\/uploads\\\/2021\\\/12\\\/wakan-Logo.png\",\"contentUrl\":\"https:\\\/\\\/wakan.ec\\\/wp-content\\\/uploads\\\/2021\\\/12\\\/wakan-Logo.png\",\"width\":1080,\"height\":1080,\"caption\":\"Wak\u00e1n\"},\"image\":{\"@id\":\"https:\\\/\\\/wakan.ec\\\/#\\\/schema\\\/logo\\\/image\\\/\"},\"sameAs\":[\"https:\\\/\\\/www.facebook.com\\\/wakantienda\",\"https:\\\/\\\/www.instagram.com\\\/wakantienda\",\"https:\\\/\\\/www.youtube.com\\\/wakan\"]}]}<\/script>\n<!-- \/ Yoast SEO plugin. -->","yoast_head_json":{"title":"Huawei FreeClip 2 - Oro Rosa - Wakan.ec","description":"Comodidad para todo el d\u00eda, sonido directo y llamadas claras en entornos ruidosos. Pide tus Huawei FreeClip 2 Oro Rosa en todo el Ecuador.","robots":{"index":"index","follow":"follow","max-snippet":"max-snippet:-1","max-image-preview":"max-image-preview:large","max-video-preview":"max-video-preview:-1"},"canonical":"https:\/\/wakan.ec\/index.php\/producto\/huawei-freeclip-2-oro-rosa\/","og_locale":"es_ES","og_type":"article","og_title":"Huawei FreeClip 2 - Oro Rosa - Wakan.ec","og_description":"Comodidad para todo el d\u00eda, sonido directo y llamadas claras en entornos ruidosos. Pide tus Huawei FreeClip 2 Oro Rosa en todo el Ecuador.","og_url":"https:\/\/wakan.ec\/index.php\/producto\/huawei-freeclip-2-oro-rosa\/","og_site_name":"Wakan.ec","article_publisher":"https:\/\/www.facebook.com\/wakantienda","article_modified_time":"2026-04-14T15:20:26+00:00","og_image":[{"width":1000,"height":1000,"url":"https:\/\/wakan.ec\/wp-content\/uploads\/2026\/03\/wp-17727427325738619331611203910850.png","type":"image\/png"}],"twitter_card":"summary_large_image","twitter_misc":{"Tiempo de lectura":"2 minutos"},"schema":{"@context":"https:\/\/schema.org","@graph":[{"@type":"WebPage","@id":"https:\/\/wakan.ec\/index.php\/producto\/huawei-freeclip-2-oro-rosa\/","url":"https:\/\/wakan.ec\/index.php\/producto\/huawei-freeclip-2-oro-rosa\/","name":"Huawei FreeClip 2 - Oro Rosa - Wakan.ec","isPartOf":{"@id":"https:\/\/wakan.ec\/#website"},"primaryImageOfPage":{"@id":"https:\/\/wakan.ec\/index.php\/producto\/huawei-freeclip-2-oro-rosa\/#primaryimage"},"image":{"@id":"https:\/\/wakan.ec\/index.php\/producto\/huawei-freeclip-2-oro-rosa\/#primaryimage"},"thumbnailUrl":"https:\/\/wakan.ec\/wp-content\/uploads\/2026\/03\/wp-17727427325738619331611203910850.png","datePublished":"2026-03-09T15:58:48+00:00","dateModified":"2026-04-14T15:20:26+00:00","description":"Comodidad para todo el d\u00eda, sonido directo y llamadas claras en entornos ruidosos. Pide tus Huawei FreeClip 2 Oro Rosa en todo el Ecuador.","breadcrumb":{"@id":"https:\/\/wakan.ec\/index.php\/producto\/huawei-freeclip-2-oro-rosa\/#breadcrumb"},"inLanguage":"es","potentialAction":[{"@type":"ReadAction","target":["https:\/\/wakan.ec\/index.php\/producto\/huawei-freeclip-2-oro-rosa\/"]}]},{"@type":"ImageObject","inLanguage":"es","@id":"https:\/\/wakan.ec\/index.php\/producto\/huawei-freeclip-2-oro-rosa\/#primaryimage","url":"https:\/\/wakan.ec\/wp-content\/uploads\/2026\/03\/wp-17727427325738619331611203910850.png","contentUrl":"https:\/\/wakan.ec\/wp-content\/uploads\/2026\/03\/wp-17727427325738619331611203910850.png","width":1000,"height":1000,"caption":"Huawei FreeClip 2 - Oro Rosa - Ecuador"},{"@type":"BreadcrumbList","@id":"https:\/\/wakan.ec\/index.php\/producto\/huawei-freeclip-2-oro-rosa\/#breadcrumb","itemListElement":[{"@type":"ListItem","position":1,"name":"Portada","item":"https:\/\/wakan.ec\/"},{"@type":"ListItem","position":2,"name":"Huawei FreeClip 2 &#8211; Oro Rosa"}]},{"@type":"WebSite","@id":"https:\/\/wakan.ec\/#website","url":"https:\/\/wakan.ec\/","name":"Wakan.ec","description":"Tech - Fitness, entretenimiento y productividad.","publisher":{"@id":"https:\/\/wakan.ec\/#organization"},"potentialAction":[{"@type":"SearchAction","target":{"@type":"EntryPoint","urlTemplate":"https:\/\/wakan.ec\/?s={search_term_string}"},"query-input":{"@type":"PropertyValueSpecification","valueRequired":true,"valueName":"search_term_string"}}],"inLanguage":"es"},{"@type":"Organization","@id":"https:\/\/wakan.ec\/#organization","name":"Wak\u00e1n","url":"https:\/\/wakan.ec\/","logo":{"@type":"ImageObject","inLanguage":"es","@id":"https:\/\/wakan.ec\/#\/schema\/logo\/image\/","url":"https:\/\/wakan.ec\/wp-content\/uploads\/2021\/12\/wakan-Logo.png","contentUrl":"https:\/\/wakan.ec\/wp-content\/uploads\/2021\/12\/wakan-Logo.png","width":1080,"height":1080,"caption":"Wak\u00e1n"},"image":{"@id":"https:\/\/wakan.ec\/#\/schema\/logo\/image\/"},"sameAs":["https:\/\/www.facebook.com\/wakantienda","https:\/\/www.instagram.com\/wakantienda","https:\/\/www.youtube.com\/wakan"]}]}},"_links":{"self":[{"href":"https:\/\/wakan.ec\/index.php\/wp-json\/wp\/v2\/product\/4019","targetHints":{"allow":["GET"]}}],"collection":[{"href":"https:\/\/wakan.ec\/index.php\/wp-json\/wp\/v2\/product"}],"about":[{"href":"https:\/\/wakan.ec\/index.php\/wp-json\/wp\/v2\/types\/product"}],"replies":[{"embeddable":true,"href":"https:\/\/wakan.ec\/index.php\/wp-json\/wp\/v2\/comments?post=4019"}],"wp:featuredmedia":[{"embeddable":true,"href":"https:\/\/wakan.ec\/index.php\/wp-json\/wp\/v2\/media\/4000"}],"wp:attachment":[{"href":"https:\/\/wakan.ec\/index.php\/wp-json\/wp\/v2\/media?parent=4019"}],"wp:term":[{"taxonomy":"product_brand","embeddable":true,"href":"https:\/\/wakan.ec\/index.php\/wp-json\/wp\/v2\/product_brand?post=4019"},{"taxonomy":"product_cat","embeddable":true,"href":"https:\/\/wakan.ec\/index.php\/wp-json\/wp\/v2\/product_cat?post=4019"},{"taxonomy":"product_tag","embeddable":true,"href":"https:\/\/wakan.ec\/index.php\/wp-json\/wp\/v2\/product_tag?post=4019"}],"curies":[{"name":"wp","href":"https:\/\/api.w.org\/{rel}","templated":true}]}}