{"id":2586,"date":"2025-02-06T15:37:49","date_gmt":"2025-02-06T20:37:49","guid":{"rendered":"https:\/\/wakan.ec\/?post_type=product&#038;p=2586"},"modified":"2026-01-26T10:06:26","modified_gmt":"2026-01-26T15:06:26","slug":"control-xbox-inalambrico-cable-usb-c","status":"publish","type":"product","link":"https:\/\/wakan.ec\/index.php\/producto\/control-xbox-inalambrico-cable-usb-c\/","title":{"rendered":"Control Xbox Inal\u00e1mbrico + Cable USB-C"},"content":{"rendered":"<p>Con el Control Inal\u00e1mbrico Xbox + Cable USB-C podr\u00e1s jugar en PC y consolas sin preocuparte de la conexi\u00f3n al dispositivo.<\/p>\n<h4>Con\u00e9ctate y juega<\/h4>\n<p>Disfruta del dise\u00f1o modernizado del control con superficies dedicadas para mejorar el agarre y formas m\u00e1s ergon\u00f3micas para una mayor comodidad durante el juego.<\/p>\n<p>Juega de forma inal\u00e1mbrica o usa el cable USB-C de 2,7 metros incluido para disfrutar de una experiencia de juego con cable.<\/p>\n<p>Empareja y <em>cambia f\u00e1cilmente entre dispositivos<\/em> como Xbox Series, PC, Windows, Android, iOS y Smart TV.<\/p>\n<h4>Juega a tu manera<\/h4>\n<p><em>Personaliza el controlador<\/em> para que se adapte a tus necesidades, reasigna los botones como desees con la aplicaci\u00f3n accesorios de Xbox.<\/p>\n<p><em>Conecta tus auriculares<\/em> compatibles al adaptador para auriculares est\u00e9reo de 3.5 mm.<\/p>\n<p>Conecta tu control por Bluetooth con <em>consolas Xbox Series S|X,<\/em> Fire TV Stick 4k Max y tel\u00e9fonos inteligentes Android y iOS.<\/p>\n<h4>Ergonom\u00eda mejorada<\/h4>\n<p>El agarre texturizado de los gatillos, botones y parte trasera, te ayuda a mantener el objetivo en la mira con el D-Pad h\u00edbrido.<\/p>\n<p>Comparte contenido sin problemas. Capturas de pantalla, grabaciones y mucho m\u00e1s con el nuevo bot\u00f3n dedicado para compartir.<\/p>\n<p>Cientos de juegos con <a href=\"https:\/\/wakan.ec\/index.php\/producto\/xbox-game-pass-ultimate-3-meses\/\">Game Pass Ultimate<\/a>.<\/p>\n<h4>Comunidad de Xbox<\/h4>\n<p>Experimenta <em>la emoci\u00f3n de jugar<\/em> con una comunidad inclusiva donde todos son bienvenidos.<\/p>\n<p>Los videojuegos tienen el poder de unir a las personas como parte de una comunidad y conectarlas a trav\u00e9s de <em>experiencias compartidas<\/em>.<\/p>\n<p>Xbox crea <em>experiencias de juego inclusivas<\/em> y accesibles por dise\u00f1o para tantos jugadores como sea posible.<\/p>\n<h4>En la caja<\/h4>\n<ul>\n<li><em>Control Xbox Inal\u00e1mbrico + Cable USB-C x1<\/em><\/li>\n<li>Bater\u00edas AA <em>x2<\/em><\/li>\n<li>Tarjeta de garant\u00eda <em>x1<\/em><\/li>\n<\/ul>\n<h5>Garant\u00eda de 12 meses.<\/h5>\n","protected":false},"excerpt":{"rendered":"<p><em>Conecta con el cable USB-C integrado o por Bluetooth y juega en PC, consola o m\u00f3vil.\u00a0<\/em><\/p>\n<h4>Control Xbox Inal\u00e1mbrico<\/h4>\n<ul>\n<li>Compatible con PC, Xbox Series, m\u00f3vil y tablet.<\/li>\n<li>Cable USB-C de 2,7 metros incluido.<\/li>\n<li>Agarre texturizado en los gatillos, botones y parte trasera.<\/li>\n<li>Hasta 40 horas de juego sin interrupciones.<\/li>\n<li>Conector para auriculares est\u00e9reo de 3.5 mm.<\/li>\n<\/ul>\n<h6>Rec\u00edbelo en todo el Ecuador<\/h6>\n","protected":false},"featured_media":2590,"comment_status":"open","ping_status":"closed","template":"","meta":{"site-sidebar-layout":"default","site-content-layout":"","ast-site-content-layout":"default","site-content-style":"default","site-sidebar-style":"default","ast-global-header-display":"","ast-banner-title-visibility":"","ast-main-header-display":"","ast-hfb-above-header-display":"","ast-hfb-below-header-display":"","ast-hfb-mobile-header-display":"","site-post-title":"","ast-breadcrumbs-content":"","ast-featured-img":"","footer-sml-layout":"","ast-disable-related-posts":"","theme-transparent-header-meta":"default","adv-header-id-meta":"","stick-header-meta":"","header-above-stick-meta":"","header-main-stick-meta":"","header-below-stick-meta":"","astra-migrate-meta-layouts":"set","ast-page-background-enabled":"default","ast-page-background-meta":{"desktop":{"background-color":"","background-image":"","background-repeat":"repeat","background-position":"center center","background-size":"auto","background-attachment":"scroll","background-type":"","background-media":"","overlay-type":"","overlay-color":"","overlay-opacity":"","overlay-gradient":""},"tablet":{"background-color":"","background-image":"","background-repeat":"repeat","background-position":"center center","background-size":"auto","background-attachment":"scroll","background-type":"","background-media":"","overlay-type":"","overlay-color":"","overlay-opacity":"","overlay-gradient":""},"mobile":{"background-color":"","background-image":"","background-repeat":"repeat","background-position":"center center","background-size":"auto","background-attachment":"scroll","background-type":"","background-media":"","overlay-type":"","overlay-color":"","overlay-opacity":"","overlay-gradient":""}},"ast-content-background-meta":{"desktop":{"background-color":"var(--ast-global-color-5)","background-image":"","background-repeat":"repeat","background-position":"center center","background-size":"auto","background-attachment":"scroll","background-type":"","background-media":"","overlay-type":"","overlay-color":"","overlay-opacity":"","overlay-gradient":""},"tablet":{"background-color":"var(--ast-global-color-5)","background-image":"","background-repeat":"repeat","background-position":"center center","background-size":"auto","background-attachment":"scroll","background-type":"","background-media":"","overlay-type":"","overlay-color":"","overlay-opacity":"","overlay-gradient":""},"mobile":{"background-color":"var(--ast-global-color-5)","background-image":"","background-repeat":"repeat","background-position":"center center","background-size":"auto","background-attachment":"scroll","background-type":"","background-media":"","overlay-type":"","overlay-color":"","overlay-opacity":"","overlay-gradient":""}}},"product_brand":[],"product_cat":[217],"product_tag":[],"class_list":{"0":"post-2586","1":"product","2":"type-product","3":"status-publish","4":"has-post-thumbnail","6":"product_cat-xbox","7":"desktop-align-left","8":"tablet-align-left","9":"mobile-align-left","11":"first","12":"outofstock","13":"sale","14":"purchasable","15":"product-type-simple"},"yoast_head":"<!-- This site is optimized with the Yoast SEO plugin v27.4 - https:\/\/yoast.com\/product\/yoast-seo-wordpress\/ -->\n<title>Control Xbox Inal\u00e1mbrico + Cable USB-C - Wakan.ec<\/title>\n<meta name=\"description\" content=\"Juega en PC, consola o m\u00f3vil con el Control Xbox Inal\u00e1mbrico + Cable USB-C, con respuesta mejorada, y un dise\u00f1o m\u00e1s ergon\u00f3mico.\" \/>\n<meta name=\"robots\" content=\"index, follow, max-snippet:-1, max-image-preview:large, max-video-preview:-1\" \/>\n<link rel=\"canonical\" href=\"https:\/\/wakan.ec\/index.php\/producto\/control-xbox-inalambrico-cable-usb-c\/\" \/>\n<meta property=\"og:locale\" content=\"es_ES\" \/>\n<meta property=\"og:type\" content=\"article\" \/>\n<meta property=\"og:title\" content=\"Control Xbox Inal\u00e1mbrico + Cable USB-C - Wakan.ec\" \/>\n<meta property=\"og:description\" content=\"Juega en PC, consola o m\u00f3vil con el Control Xbox Inal\u00e1mbrico + Cable USB-C, con respuesta mejorada, y un dise\u00f1o m\u00e1s ergon\u00f3mico.\" \/>\n<meta property=\"og:url\" content=\"https:\/\/wakan.ec\/index.php\/producto\/control-xbox-inalambrico-cable-usb-c\/\" \/>\n<meta property=\"og:site_name\" content=\"Wakan.ec\" \/>\n<meta property=\"article:publisher\" content=\"https:\/\/www.facebook.com\/wakantienda\" \/>\n<meta property=\"article:modified_time\" content=\"2026-01-26T15:06:26+00:00\" \/>\n<meta property=\"og:image\" content=\"https:\/\/wakan.ec\/wp-content\/uploads\/2025\/02\/control-xbox-2_20250206_160856_00011234671354951434894.png\" \/>\n\t<meta property=\"og:image:width\" content=\"1000\" \/>\n\t<meta property=\"og:image:height\" content=\"1000\" \/>\n\t<meta property=\"og:image:type\" content=\"image\/png\" \/>\n<meta name=\"twitter:card\" content=\"summary_large_image\" \/>\n<meta name=\"twitter:label1\" content=\"Tiempo de lectura\" \/>\n\t<meta name=\"twitter:data1\" content=\"2 minutos\" \/>\n<script type=\"application\/ld+json\" class=\"yoast-schema-graph\">{\"@context\":\"https:\\\/\\\/schema.org\",\"@graph\":[{\"@type\":\"WebPage\",\"@id\":\"https:\\\/\\\/wakan.ec\\\/index.php\\\/producto\\\/control-xbox-inalambrico-cable-usb-c\\\/\",\"url\":\"https:\\\/\\\/wakan.ec\\\/index.php\\\/producto\\\/control-xbox-inalambrico-cable-usb-c\\\/\",\"name\":\"Control Xbox Inal\u00e1mbrico + Cable USB-C - Wakan.ec\",\"isPartOf\":{\"@id\":\"https:\\\/\\\/wakan.ec\\\/#website\"},\"primaryImageOfPage\":{\"@id\":\"https:\\\/\\\/wakan.ec\\\/index.php\\\/producto\\\/control-xbox-inalambrico-cable-usb-c\\\/#primaryimage\"},\"image\":{\"@id\":\"https:\\\/\\\/wakan.ec\\\/index.php\\\/producto\\\/control-xbox-inalambrico-cable-usb-c\\\/#primaryimage\"},\"thumbnailUrl\":\"https:\\\/\\\/wakan.ec\\\/wp-content\\\/uploads\\\/2025\\\/02\\\/control-xbox-2_20250206_160856_00011234671354951434894.png\",\"datePublished\":\"2025-02-06T20:37:49+00:00\",\"dateModified\":\"2026-01-26T15:06:26+00:00\",\"description\":\"Juega en PC, consola o m\u00f3vil con el Control Xbox Inal\u00e1mbrico + Cable USB-C, con respuesta mejorada, y un dise\u00f1o m\u00e1s ergon\u00f3mico.\",\"breadcrumb\":{\"@id\":\"https:\\\/\\\/wakan.ec\\\/index.php\\\/producto\\\/control-xbox-inalambrico-cable-usb-c\\\/#breadcrumb\"},\"inLanguage\":\"es\",\"potentialAction\":[{\"@type\":\"ReadAction\",\"target\":[\"https:\\\/\\\/wakan.ec\\\/index.php\\\/producto\\\/control-xbox-inalambrico-cable-usb-c\\\/\"]}]},{\"@type\":\"ImageObject\",\"inLanguage\":\"es\",\"@id\":\"https:\\\/\\\/wakan.ec\\\/index.php\\\/producto\\\/control-xbox-inalambrico-cable-usb-c\\\/#primaryimage\",\"url\":\"https:\\\/\\\/wakan.ec\\\/wp-content\\\/uploads\\\/2025\\\/02\\\/control-xbox-2_20250206_160856_00011234671354951434894.png\",\"contentUrl\":\"https:\\\/\\\/wakan.ec\\\/wp-content\\\/uploads\\\/2025\\\/02\\\/control-xbox-2_20250206_160856_00011234671354951434894.png\",\"width\":1000,\"height\":1000,\"caption\":\"Control Xbox Inal\u00e1mbrico + Cable USB-C - Ecuador\"},{\"@type\":\"BreadcrumbList\",\"@id\":\"https:\\\/\\\/wakan.ec\\\/index.php\\\/producto\\\/control-xbox-inalambrico-cable-usb-c\\\/#breadcrumb\",\"itemListElement\":[{\"@type\":\"ListItem\",\"position\":1,\"name\":\"Portada\",\"item\":\"https:\\\/\\\/wakan.ec\\\/\"},{\"@type\":\"ListItem\",\"position\":2,\"name\":\"Control Xbox Inal\u00e1mbrico + Cable USB-C\"}]},{\"@type\":\"WebSite\",\"@id\":\"https:\\\/\\\/wakan.ec\\\/#website\",\"url\":\"https:\\\/\\\/wakan.ec\\\/\",\"name\":\"Wakan.ec\",\"description\":\"Tech - Fitness, entretenimiento y productividad.\",\"publisher\":{\"@id\":\"https:\\\/\\\/wakan.ec\\\/#organization\"},\"potentialAction\":[{\"@type\":\"SearchAction\",\"target\":{\"@type\":\"EntryPoint\",\"urlTemplate\":\"https:\\\/\\\/wakan.ec\\\/?s={search_term_string}\"},\"query-input\":{\"@type\":\"PropertyValueSpecification\",\"valueRequired\":true,\"valueName\":\"search_term_string\"}}],\"inLanguage\":\"es\"},{\"@type\":\"Organization\",\"@id\":\"https:\\\/\\\/wakan.ec\\\/#organization\",\"name\":\"Wak\u00e1n\",\"url\":\"https:\\\/\\\/wakan.ec\\\/\",\"logo\":{\"@type\":\"ImageObject\",\"inLanguage\":\"es\",\"@id\":\"https:\\\/\\\/wakan.ec\\\/#\\\/schema\\\/logo\\\/image\\\/\",\"url\":\"https:\\\/\\\/wakan.ec\\\/wp-content\\\/uploads\\\/2021\\\/12\\\/wakan-Logo.png\",\"contentUrl\":\"https:\\\/\\\/wakan.ec\\\/wp-content\\\/uploads\\\/2021\\\/12\\\/wakan-Logo.png\",\"width\":1080,\"height\":1080,\"caption\":\"Wak\u00e1n\"},\"image\":{\"@id\":\"https:\\\/\\\/wakan.ec\\\/#\\\/schema\\\/logo\\\/image\\\/\"},\"sameAs\":[\"https:\\\/\\\/www.facebook.com\\\/wakantienda\",\"https:\\\/\\\/www.instagram.com\\\/wakantienda\",\"https:\\\/\\\/www.youtube.com\\\/wakan\"]}]}<\/script>\n<!-- \/ Yoast SEO plugin. -->","yoast_head_json":{"title":"Control Xbox Inal\u00e1mbrico + Cable USB-C - Wakan.ec","description":"Juega en PC, consola o m\u00f3vil con el Control Xbox Inal\u00e1mbrico + Cable USB-C, con respuesta mejorada, y un dise\u00f1o m\u00e1s ergon\u00f3mico.","robots":{"index":"index","follow":"follow","max-snippet":"max-snippet:-1","max-image-preview":"max-image-preview:large","max-video-preview":"max-video-preview:-1"},"canonical":"https:\/\/wakan.ec\/index.php\/producto\/control-xbox-inalambrico-cable-usb-c\/","og_locale":"es_ES","og_type":"article","og_title":"Control Xbox Inal\u00e1mbrico + Cable USB-C - Wakan.ec","og_description":"Juega en PC, consola o m\u00f3vil con el Control Xbox Inal\u00e1mbrico + Cable USB-C, con respuesta mejorada, y un dise\u00f1o m\u00e1s ergon\u00f3mico.","og_url":"https:\/\/wakan.ec\/index.php\/producto\/control-xbox-inalambrico-cable-usb-c\/","og_site_name":"Wakan.ec","article_publisher":"https:\/\/www.facebook.com\/wakantienda","article_modified_time":"2026-01-26T15:06:26+00:00","og_image":[{"width":1000,"height":1000,"url":"https:\/\/wakan.ec\/wp-content\/uploads\/2025\/02\/control-xbox-2_20250206_160856_00011234671354951434894.png","type":"image\/png"}],"twitter_card":"summary_large_image","twitter_misc":{"Tiempo de lectura":"2 minutos"},"schema":{"@context":"https:\/\/schema.org","@graph":[{"@type":"WebPage","@id":"https:\/\/wakan.ec\/index.php\/producto\/control-xbox-inalambrico-cable-usb-c\/","url":"https:\/\/wakan.ec\/index.php\/producto\/control-xbox-inalambrico-cable-usb-c\/","name":"Control Xbox Inal\u00e1mbrico + Cable USB-C - Wakan.ec","isPartOf":{"@id":"https:\/\/wakan.ec\/#website"},"primaryImageOfPage":{"@id":"https:\/\/wakan.ec\/index.php\/producto\/control-xbox-inalambrico-cable-usb-c\/#primaryimage"},"image":{"@id":"https:\/\/wakan.ec\/index.php\/producto\/control-xbox-inalambrico-cable-usb-c\/#primaryimage"},"thumbnailUrl":"https:\/\/wakan.ec\/wp-content\/uploads\/2025\/02\/control-xbox-2_20250206_160856_00011234671354951434894.png","datePublished":"2025-02-06T20:37:49+00:00","dateModified":"2026-01-26T15:06:26+00:00","description":"Juega en PC, consola o m\u00f3vil con el Control Xbox Inal\u00e1mbrico + Cable USB-C, con respuesta mejorada, y un dise\u00f1o m\u00e1s ergon\u00f3mico.","breadcrumb":{"@id":"https:\/\/wakan.ec\/index.php\/producto\/control-xbox-inalambrico-cable-usb-c\/#breadcrumb"},"inLanguage":"es","potentialAction":[{"@type":"ReadAction","target":["https:\/\/wakan.ec\/index.php\/producto\/control-xbox-inalambrico-cable-usb-c\/"]}]},{"@type":"ImageObject","inLanguage":"es","@id":"https:\/\/wakan.ec\/index.php\/producto\/control-xbox-inalambrico-cable-usb-c\/#primaryimage","url":"https:\/\/wakan.ec\/wp-content\/uploads\/2025\/02\/control-xbox-2_20250206_160856_00011234671354951434894.png","contentUrl":"https:\/\/wakan.ec\/wp-content\/uploads\/2025\/02\/control-xbox-2_20250206_160856_00011234671354951434894.png","width":1000,"height":1000,"caption":"Control Xbox Inal\u00e1mbrico + Cable USB-C - Ecuador"},{"@type":"BreadcrumbList","@id":"https:\/\/wakan.ec\/index.php\/producto\/control-xbox-inalambrico-cable-usb-c\/#breadcrumb","itemListElement":[{"@type":"ListItem","position":1,"name":"Portada","item":"https:\/\/wakan.ec\/"},{"@type":"ListItem","position":2,"name":"Control Xbox Inal\u00e1mbrico + Cable USB-C"}]},{"@type":"WebSite","@id":"https:\/\/wakan.ec\/#website","url":"https:\/\/wakan.ec\/","name":"Wakan.ec","description":"Tech - Fitness, entretenimiento y productividad.","publisher":{"@id":"https:\/\/wakan.ec\/#organization"},"potentialAction":[{"@type":"SearchAction","target":{"@type":"EntryPoint","urlTemplate":"https:\/\/wakan.ec\/?s={search_term_string}"},"query-input":{"@type":"PropertyValueSpecification","valueRequired":true,"valueName":"search_term_string"}}],"inLanguage":"es"},{"@type":"Organization","@id":"https:\/\/wakan.ec\/#organization","name":"Wak\u00e1n","url":"https:\/\/wakan.ec\/","logo":{"@type":"ImageObject","inLanguage":"es","@id":"https:\/\/wakan.ec\/#\/schema\/logo\/image\/","url":"https:\/\/wakan.ec\/wp-content\/uploads\/2021\/12\/wakan-Logo.png","contentUrl":"https:\/\/wakan.ec\/wp-content\/uploads\/2021\/12\/wakan-Logo.png","width":1080,"height":1080,"caption":"Wak\u00e1n"},"image":{"@id":"https:\/\/wakan.ec\/#\/schema\/logo\/image\/"},"sameAs":["https:\/\/www.facebook.com\/wakantienda","https:\/\/www.instagram.com\/wakantienda","https:\/\/www.youtube.com\/wakan"]}]}},"_links":{"self":[{"href":"https:\/\/wakan.ec\/index.php\/wp-json\/wp\/v2\/product\/2586","targetHints":{"allow":["GET"]}}],"collection":[{"href":"https:\/\/wakan.ec\/index.php\/wp-json\/wp\/v2\/product"}],"about":[{"href":"https:\/\/wakan.ec\/index.php\/wp-json\/wp\/v2\/types\/product"}],"replies":[{"embeddable":true,"href":"https:\/\/wakan.ec\/index.php\/wp-json\/wp\/v2\/comments?post=2586"}],"wp:featuredmedia":[{"embeddable":true,"href":"https:\/\/wakan.ec\/index.php\/wp-json\/wp\/v2\/media\/2590"}],"wp:attachment":[{"href":"https:\/\/wakan.ec\/index.php\/wp-json\/wp\/v2\/media?parent=2586"}],"wp:term":[{"taxonomy":"product_brand","embeddable":true,"href":"https:\/\/wakan.ec\/index.php\/wp-json\/wp\/v2\/product_brand?post=2586"},{"taxonomy":"product_cat","embeddable":true,"href":"https:\/\/wakan.ec\/index.php\/wp-json\/wp\/v2\/product_cat?post=2586"},{"taxonomy":"product_tag","embeddable":true,"href":"https:\/\/wakan.ec\/index.php\/wp-json\/wp\/v2\/product_tag?post=2586"}],"curies":[{"name":"wp","href":"https:\/\/api.w.org\/{rel}","templated":true}]}}