{"id":2585,"date":"2025-02-06T14:18:14","date_gmt":"2025-02-06T19:18:14","guid":{"rendered":"https:\/\/wakan.ec\/?post_type=product&#038;p=2585"},"modified":"2026-04-07T17:04:33","modified_gmt":"2026-04-07T22:04:33","slug":"huawei-freebuds-se-3-beige","status":"publish","type":"product","link":"https:\/\/wakan.ec\/index.php\/producto\/huawei-freebuds-se-3-beige\/","title":{"rendered":"Huawei FreeBuds SE 3 &#8211; Beige"},"content":{"rendered":"<p>Hasta 42 horas de reproducci\u00f3n con carga r\u00e1pida. Los Huawei FreeBuds SE 3 &#8211; Beige te brindan un dise\u00f1o compacto y sonido de alta fidelidad.<\/p>\n<h4>Alta fidelidad<\/h4>\n<p><em>Sonido sofisticado<\/em> y canciones con notas detalladas posibles por la tecnolog\u00eda los altavoces avanzados de dise\u00f1o ac\u00fastico.<\/p>\n<p>Llamadas con <em>cancelaci\u00f3n de ruido multiecualizador<\/em> experimenta el sonido envolvente con un driver de 10 mm.<\/p>\n<p>Con la App AI Life configura gestos personalizados, elige el ecualizador apropiado, revisa el nivel de bater\u00eda o encuentra los auriculares.<\/p>\n<h4>Deleita tus sentidos<\/h4>\n<p>El estuche de carga beige fusiona piel sint\u00e9tica de grano fino con metal dorado que impresiona a la vista.<\/p>\n<p>Cada auricular pesa tan solo 3.8 gramos y se han dise\u00f1ado para un ajuste natural bas\u00e1ndose en el an\u00e1lisis ergon\u00f3mico de m\u00e1s de 10 000 canales auditivos.<\/p>\n<h4>Escucha todo el d\u00eda<\/h4>\n<p>Para el trabajo, los viajes o para lo que necesites.\u00a0Escucha 9 horas con una carga completa, <em>hasta 42 horas con el estuche de carga<\/em> y 3 horas con una carga de 10 minutos.<\/p>\n<p>Una pulsaci\u00f3n larga en el bot\u00f3n en la parte inferior del estuche te ofrece una nueva forma de emparejar los auriculares.<\/p>\n<p>Una vez emparejado, los auriculares se reconectar\u00e1n autom\u00e1ticamente cada vez que abras el estuche.<\/p>\n<h4>M\u00e1s inteligentes<\/h4>\n<p>Con los controles t\u00e1ctiles, podr\u00e1s reproducir m\u00fasica, saltar pistas, responder llamadas y preguntar al asistente de voz.<\/p>\n<p>Vive cada escena de pel\u00edcula y cada juego como si estuvieras ah\u00ed mismo con la <em>impecable sincronizaci\u00f3n entre audio e imagen<\/em> que hace posible la tecnolog\u00eda Bluetooth 5.4.<\/p>\n<p>La resistencia IP54 ofrece protecci\u00f3n contra polvo y salpicaduras para que puedas ejercitarte con los auriculares puestos.<\/p>\n<h4>En la caja<\/h4>\n<ul>\n<li>Huawei FreeBuds SE 3 &#8211; Beige <em>x2<\/em><\/li>\n<li>Estuche de <em>carga x2<\/em><\/li>\n<li>Gu\u00eda de inicio r\u00e1pido <em>x1<\/em><\/li>\n<li>Tarjeta de garant\u00eda <em>x1<\/em><\/li>\n<\/ul>\n","protected":false},"excerpt":{"rendered":"<p><em>El estuche tiene un hermoso dise\u00f1o en piel sint\u00e9tica de grano fino con metal dorado y los auriculares ofrecen un ajuste natural verificado en pruebas de ergonom\u00eda.\u00a0<\/em><\/p>\n<h4>Sonido sofisticado<\/h4>\n<ul>\n<li>Altavoces avanzados con dise\u00f1o ac\u00fastico.<\/li>\n<li>Llamadas con cancelaci\u00f3n de ruido multiecualizador<\/li>\n<li>Controles t\u00e1ctiles para m\u00fasica y llamadas.<\/li>\n<li>Impecable sincronizaci\u00f3n entre audio e imagen.<\/li>\n<li>Hasta 42 horas con el estuche de carga<\/li>\n<\/ul>\n<h4>Rec\u00edbelos en todo el Ecuador<\/h4>\n<p>&nbsp;<\/p>\n","protected":false},"featured_media":2579,"comment_status":"closed","ping_status":"closed","template":"","meta":{"site-sidebar-layout":"default","site-content-layout":"","ast-site-content-layout":"default","site-content-style":"default","site-sidebar-style":"default","ast-global-header-display":"","ast-banner-title-visibility":"","ast-main-header-display":"","ast-hfb-above-header-display":"","ast-hfb-below-header-display":"","ast-hfb-mobile-header-display":"","site-post-title":"","ast-breadcrumbs-content":"","ast-featured-img":"","footer-sml-layout":"","ast-disable-related-posts":"","theme-transparent-header-meta":"default","adv-header-id-meta":"","stick-header-meta":"","header-above-stick-meta":"","header-main-stick-meta":"","header-below-stick-meta":"","astra-migrate-meta-layouts":"set","ast-page-background-enabled":"default","ast-page-background-meta":{"desktop":{"background-color":"","background-image":"","background-repeat":"repeat","background-position":"center center","background-size":"auto","background-attachment":"scroll","background-type":"","background-media":"","overlay-type":"","overlay-color":"","overlay-opacity":"","overlay-gradient":""},"tablet":{"background-color":"","background-image":"","background-repeat":"repeat","background-position":"center center","background-size":"auto","background-attachment":"scroll","background-type":"","background-media":"","overlay-type":"","overlay-color":"","overlay-opacity":"","overlay-gradient":""},"mobile":{"background-color":"","background-image":"","background-repeat":"repeat","background-position":"center center","background-size":"auto","background-attachment":"scroll","background-type":"","background-media":"","overlay-type":"","overlay-color":"","overlay-opacity":"","overlay-gradient":""}},"ast-content-background-meta":{"desktop":{"background-color":"var(--ast-global-color-5)","background-image":"","background-repeat":"repeat","background-position":"center center","background-size":"auto","background-attachment":"scroll","background-type":"","background-media":"","overlay-type":"","overlay-color":"","overlay-opacity":"","overlay-gradient":""},"tablet":{"background-color":"var(--ast-global-color-5)","background-image":"","background-repeat":"repeat","background-position":"center center","background-size":"auto","background-attachment":"scroll","background-type":"","background-media":"","overlay-type":"","overlay-color":"","overlay-opacity":"","overlay-gradient":""},"mobile":{"background-color":"var(--ast-global-color-5)","background-image":"","background-repeat":"repeat","background-position":"center center","background-size":"auto","background-attachment":"scroll","background-type":"","background-media":"","overlay-type":"","overlay-color":"","overlay-opacity":"","overlay-gradient":""}}},"product_brand":[],"product_cat":[225],"product_tag":[],"class_list":{"0":"post-2585","1":"product","2":"type-product","3":"status-publish","4":"has-post-thumbnail","6":"product_cat-huawei-freebuds-se-3","7":"desktop-align-left","8":"tablet-align-left","9":"mobile-align-left","11":"first","12":"instock","13":"sale","14":"purchasable","15":"product-type-simple"},"yoast_head":"<!-- This site is optimized with the Yoast SEO plugin v27.5 - https:\/\/yoast.com\/product\/yoast-seo-wordpress\/ -->\n<title>Huawei FreeBuds SE 3 - Beige - Wakan.ec<\/title>\n<meta name=\"description\" content=\"Con hermoso dise\u00f1o con detalles dorados, Escucha hasta 42 horas. Los Huawei FreeBuds SE 3 - Beige te brindan un dise\u00f1o compacto y ligero.\" \/>\n<meta name=\"robots\" content=\"index, follow, max-snippet:-1, max-image-preview:large, max-video-preview:-1\" \/>\n<link rel=\"canonical\" href=\"https:\/\/wakan.ec\/index.php\/producto\/huawei-freebuds-se-3-beige\/\" \/>\n<meta property=\"og:locale\" content=\"es_ES\" \/>\n<meta property=\"og:type\" content=\"article\" \/>\n<meta property=\"og:title\" content=\"Huawei FreeBuds SE 3 - Beige - Wakan.ec\" \/>\n<meta property=\"og:description\" content=\"Con hermoso dise\u00f1o con detalles dorados, Escucha hasta 42 horas. Los Huawei FreeBuds SE 3 - Beige te brindan un dise\u00f1o compacto y ligero.\" \/>\n<meta property=\"og:url\" content=\"https:\/\/wakan.ec\/index.php\/producto\/huawei-freebuds-se-3-beige\/\" \/>\n<meta property=\"og:site_name\" content=\"Wakan.ec\" \/>\n<meta property=\"article:publisher\" content=\"https:\/\/www.facebook.com\/wakantienda\" \/>\n<meta property=\"article:modified_time\" content=\"2026-04-07T22:04:33+00:00\" \/>\n<meta property=\"og:image\" content=\"https:\/\/wakan.ec\/wp-content\/uploads\/2025\/02\/huawei-freebuds-se-3-blanco_20250204_111324_00005806513875549702183.png\" \/>\n\t<meta property=\"og:image:width\" content=\"1000\" \/>\n\t<meta property=\"og:image:height\" content=\"1000\" \/>\n\t<meta property=\"og:image:type\" content=\"image\/png\" \/>\n<meta name=\"twitter:card\" content=\"summary_large_image\" \/>\n<meta name=\"twitter:label1\" content=\"Tiempo de lectura\" \/>\n\t<meta name=\"twitter:data1\" content=\"2 minutos\" \/>\n<script type=\"application\/ld+json\" class=\"yoast-schema-graph\">{\"@context\":\"https:\\\/\\\/schema.org\",\"@graph\":[{\"@type\":\"WebPage\",\"@id\":\"https:\\\/\\\/wakan.ec\\\/index.php\\\/producto\\\/huawei-freebuds-se-3-beige\\\/\",\"url\":\"https:\\\/\\\/wakan.ec\\\/index.php\\\/producto\\\/huawei-freebuds-se-3-beige\\\/\",\"name\":\"Huawei FreeBuds SE 3 - Beige - Wakan.ec\",\"isPartOf\":{\"@id\":\"https:\\\/\\\/wakan.ec\\\/#website\"},\"primaryImageOfPage\":{\"@id\":\"https:\\\/\\\/wakan.ec\\\/index.php\\\/producto\\\/huawei-freebuds-se-3-beige\\\/#primaryimage\"},\"image\":{\"@id\":\"https:\\\/\\\/wakan.ec\\\/index.php\\\/producto\\\/huawei-freebuds-se-3-beige\\\/#primaryimage\"},\"thumbnailUrl\":\"https:\\\/\\\/wakan.ec\\\/wp-content\\\/uploads\\\/2025\\\/02\\\/huawei-freebuds-se-3-blanco_20250204_111324_00005806513875549702183.png\",\"datePublished\":\"2025-02-06T19:18:14+00:00\",\"dateModified\":\"2026-04-07T22:04:33+00:00\",\"description\":\"Con hermoso dise\u00f1o con detalles dorados, Escucha hasta 42 horas. Los Huawei FreeBuds SE 3 - Beige te brindan un dise\u00f1o compacto y ligero.\",\"breadcrumb\":{\"@id\":\"https:\\\/\\\/wakan.ec\\\/index.php\\\/producto\\\/huawei-freebuds-se-3-beige\\\/#breadcrumb\"},\"inLanguage\":\"es\",\"potentialAction\":[{\"@type\":\"ReadAction\",\"target\":[\"https:\\\/\\\/wakan.ec\\\/index.php\\\/producto\\\/huawei-freebuds-se-3-beige\\\/\"]}]},{\"@type\":\"ImageObject\",\"inLanguage\":\"es\",\"@id\":\"https:\\\/\\\/wakan.ec\\\/index.php\\\/producto\\\/huawei-freebuds-se-3-beige\\\/#primaryimage\",\"url\":\"https:\\\/\\\/wakan.ec\\\/wp-content\\\/uploads\\\/2025\\\/02\\\/huawei-freebuds-se-3-blanco_20250204_111324_00005806513875549702183.png\",\"contentUrl\":\"https:\\\/\\\/wakan.ec\\\/wp-content\\\/uploads\\\/2025\\\/02\\\/huawei-freebuds-se-3-blanco_20250204_111324_00005806513875549702183.png\",\"width\":1000,\"height\":1000,\"caption\":\"Huawei FreeBuds SE 3 - Beige - Ecuador\"},{\"@type\":\"BreadcrumbList\",\"@id\":\"https:\\\/\\\/wakan.ec\\\/index.php\\\/producto\\\/huawei-freebuds-se-3-beige\\\/#breadcrumb\",\"itemListElement\":[{\"@type\":\"ListItem\",\"position\":1,\"name\":\"Portada\",\"item\":\"https:\\\/\\\/wakan.ec\\\/\"},{\"@type\":\"ListItem\",\"position\":2,\"name\":\"Huawei FreeBuds SE 3 &#8211; Beige\"}]},{\"@type\":\"WebSite\",\"@id\":\"https:\\\/\\\/wakan.ec\\\/#website\",\"url\":\"https:\\\/\\\/wakan.ec\\\/\",\"name\":\"Wakan.ec\",\"description\":\"Tech - Fitness, entretenimiento y productividad.\",\"publisher\":{\"@id\":\"https:\\\/\\\/wakan.ec\\\/#organization\"},\"potentialAction\":[{\"@type\":\"SearchAction\",\"target\":{\"@type\":\"EntryPoint\",\"urlTemplate\":\"https:\\\/\\\/wakan.ec\\\/?s={search_term_string}\"},\"query-input\":{\"@type\":\"PropertyValueSpecification\",\"valueRequired\":true,\"valueName\":\"search_term_string\"}}],\"inLanguage\":\"es\"},{\"@type\":\"Organization\",\"@id\":\"https:\\\/\\\/wakan.ec\\\/#organization\",\"name\":\"Wak\u00e1n\",\"url\":\"https:\\\/\\\/wakan.ec\\\/\",\"logo\":{\"@type\":\"ImageObject\",\"inLanguage\":\"es\",\"@id\":\"https:\\\/\\\/wakan.ec\\\/#\\\/schema\\\/logo\\\/image\\\/\",\"url\":\"https:\\\/\\\/wakan.ec\\\/wp-content\\\/uploads\\\/2021\\\/12\\\/wakan-Logo.png\",\"contentUrl\":\"https:\\\/\\\/wakan.ec\\\/wp-content\\\/uploads\\\/2021\\\/12\\\/wakan-Logo.png\",\"width\":1080,\"height\":1080,\"caption\":\"Wak\u00e1n\"},\"image\":{\"@id\":\"https:\\\/\\\/wakan.ec\\\/#\\\/schema\\\/logo\\\/image\\\/\"},\"sameAs\":[\"https:\\\/\\\/www.facebook.com\\\/wakantienda\",\"https:\\\/\\\/www.instagram.com\\\/wakantienda\",\"https:\\\/\\\/www.youtube.com\\\/wakan\"]}]}<\/script>\n<!-- \/ Yoast SEO plugin. -->","yoast_head_json":{"title":"Huawei FreeBuds SE 3 - Beige - Wakan.ec","description":"Con hermoso dise\u00f1o con detalles dorados, Escucha hasta 42 horas. Los Huawei FreeBuds SE 3 - Beige te brindan un dise\u00f1o compacto y ligero.","robots":{"index":"index","follow":"follow","max-snippet":"max-snippet:-1","max-image-preview":"max-image-preview:large","max-video-preview":"max-video-preview:-1"},"canonical":"https:\/\/wakan.ec\/index.php\/producto\/huawei-freebuds-se-3-beige\/","og_locale":"es_ES","og_type":"article","og_title":"Huawei FreeBuds SE 3 - Beige - Wakan.ec","og_description":"Con hermoso dise\u00f1o con detalles dorados, Escucha hasta 42 horas. Los Huawei FreeBuds SE 3 - Beige te brindan un dise\u00f1o compacto y ligero.","og_url":"https:\/\/wakan.ec\/index.php\/producto\/huawei-freebuds-se-3-beige\/","og_site_name":"Wakan.ec","article_publisher":"https:\/\/www.facebook.com\/wakantienda","article_modified_time":"2026-04-07T22:04:33+00:00","og_image":[{"width":1000,"height":1000,"url":"https:\/\/wakan.ec\/wp-content\/uploads\/2025\/02\/huawei-freebuds-se-3-blanco_20250204_111324_00005806513875549702183.png","type":"image\/png"}],"twitter_card":"summary_large_image","twitter_misc":{"Tiempo de lectura":"2 minutos"},"schema":{"@context":"https:\/\/schema.org","@graph":[{"@type":"WebPage","@id":"https:\/\/wakan.ec\/index.php\/producto\/huawei-freebuds-se-3-beige\/","url":"https:\/\/wakan.ec\/index.php\/producto\/huawei-freebuds-se-3-beige\/","name":"Huawei FreeBuds SE 3 - Beige - Wakan.ec","isPartOf":{"@id":"https:\/\/wakan.ec\/#website"},"primaryImageOfPage":{"@id":"https:\/\/wakan.ec\/index.php\/producto\/huawei-freebuds-se-3-beige\/#primaryimage"},"image":{"@id":"https:\/\/wakan.ec\/index.php\/producto\/huawei-freebuds-se-3-beige\/#primaryimage"},"thumbnailUrl":"https:\/\/wakan.ec\/wp-content\/uploads\/2025\/02\/huawei-freebuds-se-3-blanco_20250204_111324_00005806513875549702183.png","datePublished":"2025-02-06T19:18:14+00:00","dateModified":"2026-04-07T22:04:33+00:00","description":"Con hermoso dise\u00f1o con detalles dorados, Escucha hasta 42 horas. Los Huawei FreeBuds SE 3 - Beige te brindan un dise\u00f1o compacto y ligero.","breadcrumb":{"@id":"https:\/\/wakan.ec\/index.php\/producto\/huawei-freebuds-se-3-beige\/#breadcrumb"},"inLanguage":"es","potentialAction":[{"@type":"ReadAction","target":["https:\/\/wakan.ec\/index.php\/producto\/huawei-freebuds-se-3-beige\/"]}]},{"@type":"ImageObject","inLanguage":"es","@id":"https:\/\/wakan.ec\/index.php\/producto\/huawei-freebuds-se-3-beige\/#primaryimage","url":"https:\/\/wakan.ec\/wp-content\/uploads\/2025\/02\/huawei-freebuds-se-3-blanco_20250204_111324_00005806513875549702183.png","contentUrl":"https:\/\/wakan.ec\/wp-content\/uploads\/2025\/02\/huawei-freebuds-se-3-blanco_20250204_111324_00005806513875549702183.png","width":1000,"height":1000,"caption":"Huawei FreeBuds SE 3 - Beige - Ecuador"},{"@type":"BreadcrumbList","@id":"https:\/\/wakan.ec\/index.php\/producto\/huawei-freebuds-se-3-beige\/#breadcrumb","itemListElement":[{"@type":"ListItem","position":1,"name":"Portada","item":"https:\/\/wakan.ec\/"},{"@type":"ListItem","position":2,"name":"Huawei FreeBuds SE 3 &#8211; Beige"}]},{"@type":"WebSite","@id":"https:\/\/wakan.ec\/#website","url":"https:\/\/wakan.ec\/","name":"Wakan.ec","description":"Tech - Fitness, entretenimiento y productividad.","publisher":{"@id":"https:\/\/wakan.ec\/#organization"},"potentialAction":[{"@type":"SearchAction","target":{"@type":"EntryPoint","urlTemplate":"https:\/\/wakan.ec\/?s={search_term_string}"},"query-input":{"@type":"PropertyValueSpecification","valueRequired":true,"valueName":"search_term_string"}}],"inLanguage":"es"},{"@type":"Organization","@id":"https:\/\/wakan.ec\/#organization","name":"Wak\u00e1n","url":"https:\/\/wakan.ec\/","logo":{"@type":"ImageObject","inLanguage":"es","@id":"https:\/\/wakan.ec\/#\/schema\/logo\/image\/","url":"https:\/\/wakan.ec\/wp-content\/uploads\/2021\/12\/wakan-Logo.png","contentUrl":"https:\/\/wakan.ec\/wp-content\/uploads\/2021\/12\/wakan-Logo.png","width":1080,"height":1080,"caption":"Wak\u00e1n"},"image":{"@id":"https:\/\/wakan.ec\/#\/schema\/logo\/image\/"},"sameAs":["https:\/\/www.facebook.com\/wakantienda","https:\/\/www.instagram.com\/wakantienda","https:\/\/www.youtube.com\/wakan"]}]}},"_links":{"self":[{"href":"https:\/\/wakan.ec\/index.php\/wp-json\/wp\/v2\/product\/2585","targetHints":{"allow":["GET"]}}],"collection":[{"href":"https:\/\/wakan.ec\/index.php\/wp-json\/wp\/v2\/product"}],"about":[{"href":"https:\/\/wakan.ec\/index.php\/wp-json\/wp\/v2\/types\/product"}],"replies":[{"embeddable":true,"href":"https:\/\/wakan.ec\/index.php\/wp-json\/wp\/v2\/comments?post=2585"}],"wp:featuredmedia":[{"embeddable":true,"href":"https:\/\/wakan.ec\/index.php\/wp-json\/wp\/v2\/media\/2579"}],"wp:attachment":[{"href":"https:\/\/wakan.ec\/index.php\/wp-json\/wp\/v2\/media?parent=2585"}],"wp:term":[{"taxonomy":"product_brand","embeddable":true,"href":"https:\/\/wakan.ec\/index.php\/wp-json\/wp\/v2\/product_brand?post=2585"},{"taxonomy":"product_cat","embeddable":true,"href":"https:\/\/wakan.ec\/index.php\/wp-json\/wp\/v2\/product_cat?post=2585"},{"taxonomy":"product_tag","embeddable":true,"href":"https:\/\/wakan.ec\/index.php\/wp-json\/wp\/v2\/product_tag?post=2585"}],"curies":[{"name":"wp","href":"https:\/\/api.w.org\/{rel}","templated":true}]}}