{"id":2296,"date":"2024-10-24T08:30:12","date_gmt":"2024-10-24T13:30:12","guid":{"rendered":"https:\/\/wakan.ec\/?post_type=product&#038;p=2296"},"modified":"2025-11-21T19:56:57","modified_gmt":"2025-11-22T00:56:57","slug":"xbox-series-s-1tb-robot-white","status":"publish","type":"product","link":"https:\/\/wakan.ec\/index.php\/producto\/xbox-series-s-1tb-robot-white\/","title":{"rendered":"Xbox Series S &#8211; 1TB &#8211; Robot White"},"content":{"rendered":"<p>Disfruta de la potencia y la velocidad de la Xbox Series S de 1TB Robot White. Te brinda <em>la mayor variedad de juegos y el mejor rendimiento.<\/em><\/p>\n<h4>M\u00e1s tiempo de juego<\/h4>\n<p><em>Los juegos se cargan significativamente m\u00e1s r\u00e1pido<\/em> con el SSD personalizado de Software integrado, mientras que la latencia ultra baja mejora el tiempo de respuesta del mando al televisor.<\/p>\n<p><em>Cambia f\u00e1cilmente entre diferentes t\u00edtulos<\/em> y reanuda el juego al instante desde d\u00f3nde lo dejaste con la reanudaci\u00f3n r\u00e1pida.<\/p>\n<p><em>Reduce los tiempos de espera<\/em> y aumenta las horas de entretenimiento, con 10 GB de RAM, 1TB de almacenamiento SSD, CPU de 8 n\u00facleos y procesador gr\u00e1fico de 4 teraflops.<\/p>\n<h4>Juega mejor<\/h4>\n<p><em>Velocidades de fotogramas m\u00e1s altas<\/em> y constantes de hasta 120 FPS durante el juego con Xbox Velocity Architecture y HDR.<\/p>\n<p>Emb\u00e1rcate en nuevas aventuras y <em>juega con 1440p de resoluci\u00f3n<\/em> en la Xbox Series S de 1 TB Robot White.<\/p>\n<p>Los juegos creados con el kit de desarrollo de Xbox Series ofrecen tiempos de carga, gr\u00e1ficos y capacidad de respuesta sin precedentes.<\/p>\n<h4>Juegos de nueva generaci\u00f3n<\/h4>\n<p>El Raytracing acelerado por hardware proporciona a tus juegos un <em>mayor nivel de realismo<\/em>.<\/p>\n<p>Todo digital todo de nueva generaci\u00f3n con la Xbox series s crea una biblioteca de juegos digitales. Miles de t\u00edtulos favoritos, actuales, nuevos lanzamientos y t\u00edtulos consagrados.<\/p>\n<p>Con Smart Delivery puedes comprar un juego compatible una vez y siempre tener la mejor versi\u00f3n disponible para cualquier consola en la que juegues.<\/p>\n<h4>Experiencia inmersiva<\/h4>\n<p>El <em>sonido espacial 3D<\/em> es la siguiente evoluci\u00f3n de la tecnolog\u00eda de audio, utiliza algoritmos avanzados para crear mundos envolventes realistas que te sit\u00faan en el centro de la experiencia.<\/p>\n<p>Son las primeras consolas compatibles con Dolby Vision y Dolby Atmos que mejoran el juego con <em>im\u00e1genes de espectro completo y audio envolvente<\/em>.<\/p>\n<p>La Xbox Series S ofrece una biblioteca lista para la diversi\u00f3n tan pronto como abres la caja.<\/p>\n<h4>Game Pass Ultimate<\/h4>\n<p><em>Biblioteca instant\u00e1nea con cientos de juegos<\/em> y novedades el mismo d\u00eda de su lanzamiento con multijugador en l\u00ednea y m\u00e1s.<\/p>\n<p>Compatible con versiones anteriores en miles de juegos y experiencia mejorada en miles de juegos para Xbox One Xbox 360 y Xbox original.<\/p>\n<p><a href=\"https:\/\/wakan.ec\/index.php\/producto\/xbox-game-pass-ultimate-1-mes\/\">Ver Xbox Game Pass Ultimate<\/a><\/p>\n<p>El <em>mando inal\u00e1mbrico Xbox con ergonom\u00eda mejorada,<\/em> el mayor nivel de precisi\u00f3n hasta ahora y bot\u00f3n dedicado para compartir.<\/p>\n<h4>M\u00e1s que juegos<\/h4>\n<p>Entretenimiento en Ultra HD, accede a tus apps preferidas, pel\u00edculas, series, videos y programas de tv de Microsoft y muchas m\u00e1s.<\/p>\n<p>Explora sitios web, realiza tus consultas o revisa tu correo con fluidez desde el navegador pre-instalado.<\/p>\n<p>M\u00e1s seguridad administra f\u00e1cilmente las actividades en la consola de tus hijos desde tu tel\u00e9fono en tiempo real con la app Xbox Family Settings.<\/p>\n<h4>En la caja<\/h4>\n<ul>\n<li>Xbox Series S &#8211; 1TB &#8211; Robot White <em>x1<\/em><\/li>\n<li>Mando inal\u00e1mbrico <em>x1<\/em><\/li>\n<li>Cable HDMI de alta velocidad <em>x1<\/em><\/li>\n<li>Cable de poder <em>x1<\/em><\/li>\n<li>Bater\u00edas AA <em>x2<\/em><\/li>\n<\/ul>\n","protected":false},"excerpt":{"rendered":"<p><em>Disfruta de la mayor variedad de juegos con gran potencia y la velocidad.\u00a0<\/em><\/p>\n<h4>Juega mejor<\/h4>\n<ul>\n<li>Juegos digitales de todas las generaciones de Xbox.<\/li>\n<li>Mando ergon\u00f3mico con respuesta r\u00e1pida.<\/li>\n<li>Almacena gran cantidad de juegos con de 1 TB de memoria.<\/li>\n<li>Juega en 1440p con hasta 120 FPS.<\/li>\n<li>Experiencia envolvente de Dolby Atmos.<\/li>\n<li>Carga ultrarr\u00e1pida con 10 GB de RAM + 4 Teraflops.<\/li>\n<\/ul>\n<h5>P\u00eddelo en todo el Ecuador<\/h5>\n","protected":false},"featured_media":2299,"comment_status":"open","ping_status":"closed","template":"","meta":{"site-sidebar-layout":"default","site-content-layout":"","ast-site-content-layout":"default","site-content-style":"default","site-sidebar-style":"default","ast-global-header-display":"","ast-banner-title-visibility":"","ast-main-header-display":"","ast-hfb-above-header-display":"","ast-hfb-below-header-display":"","ast-hfb-mobile-header-display":"","site-post-title":"","ast-breadcrumbs-content":"","ast-featured-img":"","footer-sml-layout":"","ast-disable-related-posts":"","theme-transparent-header-meta":"default","adv-header-id-meta":"","stick-header-meta":"","header-above-stick-meta":"","header-main-stick-meta":"","header-below-stick-meta":"","astra-migrate-meta-layouts":"set","ast-page-background-enabled":"default","ast-page-background-meta":{"desktop":{"background-color":"","background-image":"","background-repeat":"repeat","background-position":"center center","background-size":"auto","background-attachment":"scroll","background-type":"","background-media":"","overlay-type":"","overlay-color":"","overlay-opacity":"","overlay-gradient":""},"tablet":{"background-color":"","background-image":"","background-repeat":"repeat","background-position":"center center","background-size":"auto","background-attachment":"scroll","background-type":"","background-media":"","overlay-type":"","overlay-color":"","overlay-opacity":"","overlay-gradient":""},"mobile":{"background-color":"","background-image":"","background-repeat":"repeat","background-position":"center center","background-size":"auto","background-attachment":"scroll","background-type":"","background-media":"","overlay-type":"","overlay-color":"","overlay-opacity":"","overlay-gradient":""}},"ast-content-background-meta":{"desktop":{"background-color":"var(--ast-global-color-5)","background-image":"","background-repeat":"repeat","background-position":"center center","background-size":"auto","background-attachment":"scroll","background-type":"","background-media":"","overlay-type":"","overlay-color":"","overlay-opacity":"","overlay-gradient":""},"tablet":{"background-color":"var(--ast-global-color-5)","background-image":"","background-repeat":"repeat","background-position":"center center","background-size":"auto","background-attachment":"scroll","background-type":"","background-media":"","overlay-type":"","overlay-color":"","overlay-opacity":"","overlay-gradient":""},"mobile":{"background-color":"var(--ast-global-color-5)","background-image":"","background-repeat":"repeat","background-position":"center center","background-size":"auto","background-attachment":"scroll","background-type":"","background-media":"","overlay-type":"","overlay-color":"","overlay-opacity":"","overlay-gradient":""}}},"product_brand":[],"product_cat":[217],"product_tag":[],"class_list":{"0":"post-2296","1":"product","2":"type-product","3":"status-publish","4":"has-post-thumbnail","6":"product_cat-xbox","7":"desktop-align-left","8":"tablet-align-left","9":"mobile-align-left","11":"first","12":"outofstock","13":"shipping-taxable","14":"purchasable","15":"product-type-simple"},"yoast_head":"<!-- This site is optimized with the Yoast SEO plugin v27.3 - https:\/\/yoast.com\/product\/yoast-seo-wordpress\/ -->\n<title>Xbox Series S - 1TB - Robot White - Wakan.ec<\/title>\n<meta name=\"description\" content=\"Disfruta de la potencia y la velocidad de la Xbox Series S de 1TB Robot White. Con la mayor variedad de juegos. Rec\u00edbelo en todo el Ecuador.\" \/>\n<meta name=\"robots\" content=\"index, follow, max-snippet:-1, max-image-preview:large, max-video-preview:-1\" \/>\n<link rel=\"canonical\" href=\"https:\/\/wakan.ec\/index.php\/producto\/xbox-series-s-1tb-robot-white\/\" \/>\n<meta property=\"og:locale\" content=\"es_ES\" \/>\n<meta property=\"og:type\" content=\"article\" \/>\n<meta property=\"og:title\" content=\"Xbox Series S - 1TB - Robot White - Wakan.ec\" \/>\n<meta property=\"og:description\" content=\"Disfruta de la potencia y la velocidad de la Xbox Series S de 1TB Robot White. Con la mayor variedad de juegos. Rec\u00edbelo en todo el Ecuador.\" \/>\n<meta property=\"og:url\" content=\"https:\/\/wakan.ec\/index.php\/producto\/xbox-series-s-1tb-robot-white\/\" \/>\n<meta property=\"og:site_name\" content=\"Wakan.ec\" \/>\n<meta property=\"article:publisher\" content=\"https:\/\/www.facebook.com\/wakantienda\" \/>\n<meta property=\"article:modified_time\" content=\"2025-11-22T00:56:57+00:00\" \/>\n<meta property=\"og:image\" content=\"https:\/\/wakan.ec\/wp-content\/uploads\/2024\/10\/woo-producto-huawei-_20241023_144039_00011880443884335515078.png\" \/>\n\t<meta property=\"og:image:width\" content=\"1000\" \/>\n\t<meta property=\"og:image:height\" content=\"1000\" \/>\n\t<meta property=\"og:image:type\" content=\"image\/png\" \/>\n<meta name=\"twitter:card\" content=\"summary_large_image\" \/>\n<meta name=\"twitter:label1\" content=\"Tiempo de lectura\" \/>\n\t<meta name=\"twitter:data1\" content=\"3 minutos\" \/>\n<script type=\"application\/ld+json\" class=\"yoast-schema-graph\">{\"@context\":\"https:\\\/\\\/schema.org\",\"@graph\":[{\"@type\":\"WebPage\",\"@id\":\"https:\\\/\\\/wakan.ec\\\/index.php\\\/producto\\\/xbox-series-s-1tb-robot-white\\\/\",\"url\":\"https:\\\/\\\/wakan.ec\\\/index.php\\\/producto\\\/xbox-series-s-1tb-robot-white\\\/\",\"name\":\"Xbox Series S - 1TB - Robot White - Wakan.ec\",\"isPartOf\":{\"@id\":\"https:\\\/\\\/wakan.ec\\\/#website\"},\"primaryImageOfPage\":{\"@id\":\"https:\\\/\\\/wakan.ec\\\/index.php\\\/producto\\\/xbox-series-s-1tb-robot-white\\\/#primaryimage\"},\"image\":{\"@id\":\"https:\\\/\\\/wakan.ec\\\/index.php\\\/producto\\\/xbox-series-s-1tb-robot-white\\\/#primaryimage\"},\"thumbnailUrl\":\"https:\\\/\\\/wakan.ec\\\/wp-content\\\/uploads\\\/2024\\\/10\\\/woo-producto-huawei-_20241023_144039_00011880443884335515078.png\",\"datePublished\":\"2024-10-24T13:30:12+00:00\",\"dateModified\":\"2025-11-22T00:56:57+00:00\",\"description\":\"Disfruta de la potencia y la velocidad de la Xbox Series S de 1TB Robot White. Con la mayor variedad de juegos. Rec\u00edbelo en todo el Ecuador.\",\"breadcrumb\":{\"@id\":\"https:\\\/\\\/wakan.ec\\\/index.php\\\/producto\\\/xbox-series-s-1tb-robot-white\\\/#breadcrumb\"},\"inLanguage\":\"es\",\"potentialAction\":[{\"@type\":\"ReadAction\",\"target\":[\"https:\\\/\\\/wakan.ec\\\/index.php\\\/producto\\\/xbox-series-s-1tb-robot-white\\\/\"]}]},{\"@type\":\"ImageObject\",\"inLanguage\":\"es\",\"@id\":\"https:\\\/\\\/wakan.ec\\\/index.php\\\/producto\\\/xbox-series-s-1tb-robot-white\\\/#primaryimage\",\"url\":\"https:\\\/\\\/wakan.ec\\\/wp-content\\\/uploads\\\/2024\\\/10\\\/woo-producto-huawei-_20241023_144039_00011880443884335515078.png\",\"contentUrl\":\"https:\\\/\\\/wakan.ec\\\/wp-content\\\/uploads\\\/2024\\\/10\\\/woo-producto-huawei-_20241023_144039_00011880443884335515078.png\",\"width\":1000,\"height\":1000,\"caption\":\"Xbox Series S - 1TB - Robot White - Ecuador\"},{\"@type\":\"BreadcrumbList\",\"@id\":\"https:\\\/\\\/wakan.ec\\\/index.php\\\/producto\\\/xbox-series-s-1tb-robot-white\\\/#breadcrumb\",\"itemListElement\":[{\"@type\":\"ListItem\",\"position\":1,\"name\":\"Portada\",\"item\":\"https:\\\/\\\/wakan.ec\\\/\"},{\"@type\":\"ListItem\",\"position\":2,\"name\":\"Wakan.ec\",\"item\":\"https:\\\/\\\/wakan.ec\\\/\"},{\"@type\":\"ListItem\",\"position\":3,\"name\":\"Xbox Series S &#8211; 1TB &#8211; Robot White\"}]},{\"@type\":\"WebSite\",\"@id\":\"https:\\\/\\\/wakan.ec\\\/#website\",\"url\":\"https:\\\/\\\/wakan.ec\\\/\",\"name\":\"Wakan.ec\",\"description\":\"Tech - Fitness, entretenimiento y productividad.\",\"publisher\":{\"@id\":\"https:\\\/\\\/wakan.ec\\\/#organization\"},\"potentialAction\":[{\"@type\":\"SearchAction\",\"target\":{\"@type\":\"EntryPoint\",\"urlTemplate\":\"https:\\\/\\\/wakan.ec\\\/?s={search_term_string}\"},\"query-input\":{\"@type\":\"PropertyValueSpecification\",\"valueRequired\":true,\"valueName\":\"search_term_string\"}}],\"inLanguage\":\"es\"},{\"@type\":\"Organization\",\"@id\":\"https:\\\/\\\/wakan.ec\\\/#organization\",\"name\":\"Wak\u00e1n\",\"url\":\"https:\\\/\\\/wakan.ec\\\/\",\"logo\":{\"@type\":\"ImageObject\",\"inLanguage\":\"es\",\"@id\":\"https:\\\/\\\/wakan.ec\\\/#\\\/schema\\\/logo\\\/image\\\/\",\"url\":\"https:\\\/\\\/wakan.ec\\\/wp-content\\\/uploads\\\/2021\\\/12\\\/wakan-Logo.png\",\"contentUrl\":\"https:\\\/\\\/wakan.ec\\\/wp-content\\\/uploads\\\/2021\\\/12\\\/wakan-Logo.png\",\"width\":1080,\"height\":1080,\"caption\":\"Wak\u00e1n\"},\"image\":{\"@id\":\"https:\\\/\\\/wakan.ec\\\/#\\\/schema\\\/logo\\\/image\\\/\"},\"sameAs\":[\"https:\\\/\\\/www.facebook.com\\\/wakantienda\",\"https:\\\/\\\/www.instagram.com\\\/wakantienda\",\"https:\\\/\\\/www.youtube.com\\\/wakan\"]}]}<\/script>\n<!-- \/ Yoast SEO plugin. -->","yoast_head_json":{"title":"Xbox Series S - 1TB - Robot White - Wakan.ec","description":"Disfruta de la potencia y la velocidad de la Xbox Series S de 1TB Robot White. Con la mayor variedad de juegos. Rec\u00edbelo en todo el Ecuador.","robots":{"index":"index","follow":"follow","max-snippet":"max-snippet:-1","max-image-preview":"max-image-preview:large","max-video-preview":"max-video-preview:-1"},"canonical":"https:\/\/wakan.ec\/index.php\/producto\/xbox-series-s-1tb-robot-white\/","og_locale":"es_ES","og_type":"article","og_title":"Xbox Series S - 1TB - Robot White - Wakan.ec","og_description":"Disfruta de la potencia y la velocidad de la Xbox Series S de 1TB Robot White. Con la mayor variedad de juegos. Rec\u00edbelo en todo el Ecuador.","og_url":"https:\/\/wakan.ec\/index.php\/producto\/xbox-series-s-1tb-robot-white\/","og_site_name":"Wakan.ec","article_publisher":"https:\/\/www.facebook.com\/wakantienda","article_modified_time":"2025-11-22T00:56:57+00:00","og_image":[{"width":1000,"height":1000,"url":"https:\/\/wakan.ec\/wp-content\/uploads\/2024\/10\/woo-producto-huawei-_20241023_144039_00011880443884335515078.png","type":"image\/png"}],"twitter_card":"summary_large_image","twitter_misc":{"Tiempo de lectura":"3 minutos"},"schema":{"@context":"https:\/\/schema.org","@graph":[{"@type":"WebPage","@id":"https:\/\/wakan.ec\/index.php\/producto\/xbox-series-s-1tb-robot-white\/","url":"https:\/\/wakan.ec\/index.php\/producto\/xbox-series-s-1tb-robot-white\/","name":"Xbox Series S - 1TB - Robot White - Wakan.ec","isPartOf":{"@id":"https:\/\/wakan.ec\/#website"},"primaryImageOfPage":{"@id":"https:\/\/wakan.ec\/index.php\/producto\/xbox-series-s-1tb-robot-white\/#primaryimage"},"image":{"@id":"https:\/\/wakan.ec\/index.php\/producto\/xbox-series-s-1tb-robot-white\/#primaryimage"},"thumbnailUrl":"https:\/\/wakan.ec\/wp-content\/uploads\/2024\/10\/woo-producto-huawei-_20241023_144039_00011880443884335515078.png","datePublished":"2024-10-24T13:30:12+00:00","dateModified":"2025-11-22T00:56:57+00:00","description":"Disfruta de la potencia y la velocidad de la Xbox Series S de 1TB Robot White. Con la mayor variedad de juegos. Rec\u00edbelo en todo el Ecuador.","breadcrumb":{"@id":"https:\/\/wakan.ec\/index.php\/producto\/xbox-series-s-1tb-robot-white\/#breadcrumb"},"inLanguage":"es","potentialAction":[{"@type":"ReadAction","target":["https:\/\/wakan.ec\/index.php\/producto\/xbox-series-s-1tb-robot-white\/"]}]},{"@type":"ImageObject","inLanguage":"es","@id":"https:\/\/wakan.ec\/index.php\/producto\/xbox-series-s-1tb-robot-white\/#primaryimage","url":"https:\/\/wakan.ec\/wp-content\/uploads\/2024\/10\/woo-producto-huawei-_20241023_144039_00011880443884335515078.png","contentUrl":"https:\/\/wakan.ec\/wp-content\/uploads\/2024\/10\/woo-producto-huawei-_20241023_144039_00011880443884335515078.png","width":1000,"height":1000,"caption":"Xbox Series S - 1TB - Robot White - Ecuador"},{"@type":"BreadcrumbList","@id":"https:\/\/wakan.ec\/index.php\/producto\/xbox-series-s-1tb-robot-white\/#breadcrumb","itemListElement":[{"@type":"ListItem","position":1,"name":"Portada","item":"https:\/\/wakan.ec\/"},{"@type":"ListItem","position":2,"name":"Wakan.ec","item":"https:\/\/wakan.ec\/"},{"@type":"ListItem","position":3,"name":"Xbox Series S &#8211; 1TB &#8211; Robot White"}]},{"@type":"WebSite","@id":"https:\/\/wakan.ec\/#website","url":"https:\/\/wakan.ec\/","name":"Wakan.ec","description":"Tech - Fitness, entretenimiento y productividad.","publisher":{"@id":"https:\/\/wakan.ec\/#organization"},"potentialAction":[{"@type":"SearchAction","target":{"@type":"EntryPoint","urlTemplate":"https:\/\/wakan.ec\/?s={search_term_string}"},"query-input":{"@type":"PropertyValueSpecification","valueRequired":true,"valueName":"search_term_string"}}],"inLanguage":"es"},{"@type":"Organization","@id":"https:\/\/wakan.ec\/#organization","name":"Wak\u00e1n","url":"https:\/\/wakan.ec\/","logo":{"@type":"ImageObject","inLanguage":"es","@id":"https:\/\/wakan.ec\/#\/schema\/logo\/image\/","url":"https:\/\/wakan.ec\/wp-content\/uploads\/2021\/12\/wakan-Logo.png","contentUrl":"https:\/\/wakan.ec\/wp-content\/uploads\/2021\/12\/wakan-Logo.png","width":1080,"height":1080,"caption":"Wak\u00e1n"},"image":{"@id":"https:\/\/wakan.ec\/#\/schema\/logo\/image\/"},"sameAs":["https:\/\/www.facebook.com\/wakantienda","https:\/\/www.instagram.com\/wakantienda","https:\/\/www.youtube.com\/wakan"]}]}},"_links":{"self":[{"href":"https:\/\/wakan.ec\/index.php\/wp-json\/wp\/v2\/product\/2296","targetHints":{"allow":["GET"]}}],"collection":[{"href":"https:\/\/wakan.ec\/index.php\/wp-json\/wp\/v2\/product"}],"about":[{"href":"https:\/\/wakan.ec\/index.php\/wp-json\/wp\/v2\/types\/product"}],"replies":[{"embeddable":true,"href":"https:\/\/wakan.ec\/index.php\/wp-json\/wp\/v2\/comments?post=2296"}],"wp:featuredmedia":[{"embeddable":true,"href":"https:\/\/wakan.ec\/index.php\/wp-json\/wp\/v2\/media\/2299"}],"wp:attachment":[{"href":"https:\/\/wakan.ec\/index.php\/wp-json\/wp\/v2\/media?parent=2296"}],"wp:term":[{"taxonomy":"product_brand","embeddable":true,"href":"https:\/\/wakan.ec\/index.php\/wp-json\/wp\/v2\/product_brand?post=2296"},{"taxonomy":"product_cat","embeddable":true,"href":"https:\/\/wakan.ec\/index.php\/wp-json\/wp\/v2\/product_cat?post=2296"},{"taxonomy":"product_tag","embeddable":true,"href":"https:\/\/wakan.ec\/index.php\/wp-json\/wp\/v2\/product_tag?post=2296"}],"curies":[{"name":"wp","href":"https:\/\/api.w.org\/{rel}","templated":true}]}}