{"id":2145,"date":"2024-09-06T17:45:28","date_gmt":"2024-09-06T22:45:28","guid":{"rendered":"https:\/\/wakan.ec\/index.php\/producto\/xbox-game-pass-ultimate-1-mes\/"},"modified":"2026-04-29T15:54:40","modified_gmt":"2026-04-29T20:54:40","slug":"xbox-game-pass-ultimate-1-mes","status":"publish","type":"product","link":"https:\/\/wakan.ec\/index.php\/producto\/xbox-game-pass-ultimate-1-mes\/","title":{"rendered":"Xbox Game Pass Ultimate &#8211; 1 mes"},"content":{"rendered":"<p>Con Xbox Game Pass Ultimate de 1 mes disfruta cientos de juegos de alta calidad en solitario o con amigos.<\/p>\n<h4>En todos tus dispositivos<\/h4>\n<p>En tu consola, Fire TV Stick 4k Max, PC o desde tu celular siempre hay algo nuevo que jugar.<\/p>\n<p>Juega primero a los nuevos t\u00edtulos como Starfield y Forza Motorsport el d\u00eda de lanzamiento y nunca te pierdas nada nuevo.<\/p>\n<p>Obt\u00e9n m\u00e1s de Riot games, juega los t\u00edtulos m\u00e1s populares como League of Legends y Valorant.<\/p>\n<h4>Contenido Premium<\/h4>\n<p>Exclusivo para miembros de Game Pass. Sum\u00e9rgete en el mundo de las exclusivas de Xbox como Halo, Forza Horizon 5 de Xbox Game Studios.<\/p>\n<p>Explora t\u00edtulos como Doom, Elder Scrolls y Fallout de Bethesda Softworks. No pierdas Mass Effect, Star Wars y m\u00e1s con la suscripci\u00f3n a EA Play incluida.<\/p>\n<p>A\u00f1adimos nuevos juegos constantemente de modo que siempre tienes algo nuevo lo que jugar como Party Animals y Red.<\/p>\n<p>Tambi\u00e9n incluye multijugador online en consola.<\/p>\n<h4>Tus\u00a0 juegos favoritos<\/h4>\n<p>Disfruta de juegos nuevos el mismo d\u00eda de su lanzamiento.<\/p>\n<p>Grandes \u00e9xitos se agregan cada mes. Bethesda Softworks, franquicias ic\u00f3nicas de Xbox Game Studios y t\u00edtulos independientes.<\/p>\n<p>Juega junto con tus amigos en consola, PC y la nube con multijugador online. Nuevos juegos agregados constantemente.<\/p>\n<p>Desbloquea una biblioteca de los mejores t\u00edtulos de Electronic Arts, premios exclusivos y contenido solo para miembros de consola y PC.<\/p>\n<p>Recompensas y descuentos contenido en el juego consumibles y mucho m\u00e1s incluidos consigue descuentos para miembros en juegos seleccionados y complementos de juego.<\/p>\n<p>Juega en tus dispositivos, consolas de Xbox series X|S y Xbox One.<\/p>\n<p>Disfruta de los juegos directamente desde la nube con tu Fire TV Stick 4k Max o desde tu m\u00f3vil.<\/p>\n<h4>App Xbox<\/h4>\n<p>Descubre, descarga juega y mucho m\u00e1s con la app Xbox para PC Windows Xbox Play juega en tu pc Windows y en dispositivo Apple iOS con el navegador Microsoft Edge Google Chrome o Safari.<\/p>\n<p>Juega en tu dispositivo Android con la app m\u00f3vil Xbox Game Pass.<\/p>\n<p>Disfruta de cientos de juegos en tu fire TV Stick 4K Max con la app de Xbox.<\/p>\n<h4>Comunidad Xbox<\/h4>\n<p>Experimenta la emoci\u00f3n de jugar con una comunidad donde todos son bienvenidos.<\/p>\n<p>Los videojuegos tienen el poder de unir a las personas como parte de una comunidad y conectarlas a trav\u00e9s de experiencias compartidas.<\/p>\n<p>Con casi 400 millones de jugadores con discapacidad en el mundo es importante crear experiencias de juego que sean inclusivas y accesibles por dise\u00f1o para tantos jugadores como sea posible.<\/p>\n<p>Nuestros juegos y consola incluyen caracter\u00edsticas que apoyan la accesibilidad visual, auditiva, de movilidad y cognitiva.<\/p>\n<p>Xbox Game Pass Ultimate 1 mes es un producto digital.<\/p>\n<p><em>Recibe el c\u00f3digo en tu correo.<\/em><\/p>\n","protected":false},"excerpt":{"rendered":"<p><em>Disfruta cientos de juegos de alta calidad en solitario o con tus amigos.<\/em><\/p>\n<h4>Tus juegos favoritos<\/h4>\n<ul>\n<li>Cientos de juegos de los mejores estudios.<\/li>\n<li>Juega desde el d\u00eda de lanzamiento.<\/li>\n<li>Disponible para Xbox Series S|X, One.<\/li>\n<li>Descarga la App en Fire TV Stick 4K Max, PC y m\u00f3vil.<\/li>\n<li>Suscripci\u00f3n a EA Play incluida.<\/li>\n<\/ul>\n<h6>Recibe el c\u00f3digo en tu correo<\/h6>\n","protected":false},"featured_media":2143,"comment_status":"open","ping_status":"closed","template":"","meta":{"site-sidebar-layout":"default","site-content-layout":"","ast-site-content-layout":"default","site-content-style":"default","site-sidebar-style":"default","ast-global-header-display":"","ast-banner-title-visibility":"","ast-main-header-display":"","ast-hfb-above-header-display":"","ast-hfb-below-header-display":"","ast-hfb-mobile-header-display":"","site-post-title":"","ast-breadcrumbs-content":"","ast-featured-img":"","footer-sml-layout":"","ast-disable-related-posts":"","theme-transparent-header-meta":"default","adv-header-id-meta":"","stick-header-meta":"","header-above-stick-meta":"","header-main-stick-meta":"","header-below-stick-meta":"","astra-migrate-meta-layouts":"set","ast-page-background-enabled":"default","ast-page-background-meta":{"desktop":{"background-color":"","background-image":"","background-repeat":"repeat","background-position":"center center","background-size":"auto","background-attachment":"scroll","background-type":"","background-media":"","overlay-type":"","overlay-color":"","overlay-opacity":"","overlay-gradient":""},"tablet":{"background-color":"","background-image":"","background-repeat":"repeat","background-position":"center center","background-size":"auto","background-attachment":"scroll","background-type":"","background-media":"","overlay-type":"","overlay-color":"","overlay-opacity":"","overlay-gradient":""},"mobile":{"background-color":"","background-image":"","background-repeat":"repeat","background-position":"center center","background-size":"auto","background-attachment":"scroll","background-type":"","background-media":"","overlay-type":"","overlay-color":"","overlay-opacity":"","overlay-gradient":""}},"ast-content-background-meta":{"desktop":{"background-color":"var(--ast-global-color-5)","background-image":"","background-repeat":"repeat","background-position":"center center","background-size":"auto","background-attachment":"scroll","background-type":"","background-media":"","overlay-type":"","overlay-color":"","overlay-opacity":"","overlay-gradient":""},"tablet":{"background-color":"var(--ast-global-color-5)","background-image":"","background-repeat":"repeat","background-position":"center center","background-size":"auto","background-attachment":"scroll","background-type":"","background-media":"","overlay-type":"","overlay-color":"","overlay-opacity":"","overlay-gradient":""},"mobile":{"background-color":"var(--ast-global-color-5)","background-image":"","background-repeat":"repeat","background-position":"center center","background-size":"auto","background-attachment":"scroll","background-type":"","background-media":"","overlay-type":"","overlay-color":"","overlay-opacity":"","overlay-gradient":""}}},"product_brand":[],"product_cat":[217],"product_tag":[],"class_list":{"0":"post-2145","1":"product","2":"type-product","3":"status-publish","4":"has-post-thumbnail","6":"product_cat-xbox","7":"desktop-align-left","8":"tablet-align-left","9":"mobile-align-left","11":"first","12":"onbackorder","13":"sale","14":"virtual","15":"purchasable","16":"product-type-simple"},"yoast_head":"<!-- This site is optimized with the Yoast SEO plugin v27.5 - https:\/\/yoast.com\/product\/yoast-seo-wordpress\/ -->\n<title>Xbox Game Pass Ultimate - 1 mes - Wakan.ec<\/title>\n<meta name=\"description\" content=\"Con Xbox Game Pass Ultimate de 1 mes disfruta cientos de juegos de alta calidad en solitario o con amigos. Incluidos nuevos lanzamientos.\" \/>\n<meta name=\"robots\" content=\"index, follow, max-snippet:-1, max-image-preview:large, max-video-preview:-1\" \/>\n<link rel=\"canonical\" href=\"https:\/\/wakan.ec\/index.php\/producto\/xbox-game-pass-ultimate-1-mes\/\" \/>\n<meta property=\"og:locale\" content=\"es_ES\" \/>\n<meta property=\"og:type\" content=\"article\" \/>\n<meta property=\"og:title\" content=\"Xbox Game Pass Ultimate - 1 mes - Wakan.ec\" \/>\n<meta property=\"og:description\" content=\"Con Xbox Game Pass Ultimate de 1 mes disfruta cientos de juegos de alta calidad en solitario o con amigos. Incluidos nuevos lanzamientos.\" \/>\n<meta property=\"og:url\" content=\"https:\/\/wakan.ec\/index.php\/producto\/xbox-game-pass-ultimate-1-mes\/\" \/>\n<meta property=\"og:site_name\" content=\"Wakan.ec\" \/>\n<meta property=\"article:publisher\" content=\"https:\/\/www.facebook.com\/wakantienda\" \/>\n<meta property=\"article:modified_time\" content=\"2026-04-29T20:54:40+00:00\" \/>\n<meta property=\"og:image\" content=\"https:\/\/wakan.ec\/wp-content\/uploads\/2024\/09\/1000070324.jpg\" \/>\n\t<meta property=\"og:image:width\" content=\"1400\" \/>\n\t<meta property=\"og:image:height\" content=\"1400\" \/>\n\t<meta property=\"og:image:type\" content=\"image\/jpeg\" \/>\n<meta name=\"twitter:card\" content=\"summary_large_image\" \/>\n<meta name=\"twitter:label1\" content=\"Tiempo de lectura\" \/>\n\t<meta name=\"twitter:data1\" content=\"3 minutos\" \/>\n<script type=\"application\/ld+json\" class=\"yoast-schema-graph\">{\"@context\":\"https:\\\/\\\/schema.org\",\"@graph\":[{\"@type\":\"WebPage\",\"@id\":\"https:\\\/\\\/wakan.ec\\\/index.php\\\/producto\\\/xbox-game-pass-ultimate-1-mes\\\/\",\"url\":\"https:\\\/\\\/wakan.ec\\\/index.php\\\/producto\\\/xbox-game-pass-ultimate-1-mes\\\/\",\"name\":\"Xbox Game Pass Ultimate - 1 mes - Wakan.ec\",\"isPartOf\":{\"@id\":\"https:\\\/\\\/wakan.ec\\\/#website\"},\"primaryImageOfPage\":{\"@id\":\"https:\\\/\\\/wakan.ec\\\/index.php\\\/producto\\\/xbox-game-pass-ultimate-1-mes\\\/#primaryimage\"},\"image\":{\"@id\":\"https:\\\/\\\/wakan.ec\\\/index.php\\\/producto\\\/xbox-game-pass-ultimate-1-mes\\\/#primaryimage\"},\"thumbnailUrl\":\"https:\\\/\\\/wakan.ec\\\/wp-content\\\/uploads\\\/2024\\\/09\\\/1000070324.jpg\",\"datePublished\":\"2024-09-06T22:45:28+00:00\",\"dateModified\":\"2026-04-29T20:54:40+00:00\",\"description\":\"Con Xbox Game Pass Ultimate de 1 mes disfruta cientos de juegos de alta calidad en solitario o con amigos. Incluidos nuevos lanzamientos.\",\"breadcrumb\":{\"@id\":\"https:\\\/\\\/wakan.ec\\\/index.php\\\/producto\\\/xbox-game-pass-ultimate-1-mes\\\/#breadcrumb\"},\"inLanguage\":\"es\",\"potentialAction\":[{\"@type\":\"ReadAction\",\"target\":[\"https:\\\/\\\/wakan.ec\\\/index.php\\\/producto\\\/xbox-game-pass-ultimate-1-mes\\\/\"]}]},{\"@type\":\"ImageObject\",\"inLanguage\":\"es\",\"@id\":\"https:\\\/\\\/wakan.ec\\\/index.php\\\/producto\\\/xbox-game-pass-ultimate-1-mes\\\/#primaryimage\",\"url\":\"https:\\\/\\\/wakan.ec\\\/wp-content\\\/uploads\\\/2024\\\/09\\\/1000070324.jpg\",\"contentUrl\":\"https:\\\/\\\/wakan.ec\\\/wp-content\\\/uploads\\\/2024\\\/09\\\/1000070324.jpg\",\"width\":1400,\"height\":1400,\"caption\":\"Xbox Game Pass Ultimate - 1 mes\"},{\"@type\":\"BreadcrumbList\",\"@id\":\"https:\\\/\\\/wakan.ec\\\/index.php\\\/producto\\\/xbox-game-pass-ultimate-1-mes\\\/#breadcrumb\",\"itemListElement\":[{\"@type\":\"ListItem\",\"position\":1,\"name\":\"Portada\",\"item\":\"https:\\\/\\\/wakan.ec\\\/\"},{\"@type\":\"ListItem\",\"position\":2,\"name\":\"Xbox Game Pass Ultimate &#8211; 1 mes\"}]},{\"@type\":\"WebSite\",\"@id\":\"https:\\\/\\\/wakan.ec\\\/#website\",\"url\":\"https:\\\/\\\/wakan.ec\\\/\",\"name\":\"Wakan.ec\",\"description\":\"Tech - Fitness, entretenimiento y productividad.\",\"publisher\":{\"@id\":\"https:\\\/\\\/wakan.ec\\\/#organization\"},\"potentialAction\":[{\"@type\":\"SearchAction\",\"target\":{\"@type\":\"EntryPoint\",\"urlTemplate\":\"https:\\\/\\\/wakan.ec\\\/?s={search_term_string}\"},\"query-input\":{\"@type\":\"PropertyValueSpecification\",\"valueRequired\":true,\"valueName\":\"search_term_string\"}}],\"inLanguage\":\"es\"},{\"@type\":\"Organization\",\"@id\":\"https:\\\/\\\/wakan.ec\\\/#organization\",\"name\":\"Wak\u00e1n\",\"url\":\"https:\\\/\\\/wakan.ec\\\/\",\"logo\":{\"@type\":\"ImageObject\",\"inLanguage\":\"es\",\"@id\":\"https:\\\/\\\/wakan.ec\\\/#\\\/schema\\\/logo\\\/image\\\/\",\"url\":\"https:\\\/\\\/wakan.ec\\\/wp-content\\\/uploads\\\/2021\\\/12\\\/wakan-Logo.png\",\"contentUrl\":\"https:\\\/\\\/wakan.ec\\\/wp-content\\\/uploads\\\/2021\\\/12\\\/wakan-Logo.png\",\"width\":1080,\"height\":1080,\"caption\":\"Wak\u00e1n\"},\"image\":{\"@id\":\"https:\\\/\\\/wakan.ec\\\/#\\\/schema\\\/logo\\\/image\\\/\"},\"sameAs\":[\"https:\\\/\\\/www.facebook.com\\\/wakantienda\",\"https:\\\/\\\/www.instagram.com\\\/wakantienda\",\"https:\\\/\\\/www.youtube.com\\\/wakan\"]}]}<\/script>\n<!-- \/ Yoast SEO plugin. -->","yoast_head_json":{"title":"Xbox Game Pass Ultimate - 1 mes - Wakan.ec","description":"Con Xbox Game Pass Ultimate de 1 mes disfruta cientos de juegos de alta calidad en solitario o con amigos. Incluidos nuevos lanzamientos.","robots":{"index":"index","follow":"follow","max-snippet":"max-snippet:-1","max-image-preview":"max-image-preview:large","max-video-preview":"max-video-preview:-1"},"canonical":"https:\/\/wakan.ec\/index.php\/producto\/xbox-game-pass-ultimate-1-mes\/","og_locale":"es_ES","og_type":"article","og_title":"Xbox Game Pass Ultimate - 1 mes - Wakan.ec","og_description":"Con Xbox Game Pass Ultimate de 1 mes disfruta cientos de juegos de alta calidad en solitario o con amigos. Incluidos nuevos lanzamientos.","og_url":"https:\/\/wakan.ec\/index.php\/producto\/xbox-game-pass-ultimate-1-mes\/","og_site_name":"Wakan.ec","article_publisher":"https:\/\/www.facebook.com\/wakantienda","article_modified_time":"2026-04-29T20:54:40+00:00","og_image":[{"width":1400,"height":1400,"url":"https:\/\/wakan.ec\/wp-content\/uploads\/2024\/09\/1000070324.jpg","type":"image\/jpeg"}],"twitter_card":"summary_large_image","twitter_misc":{"Tiempo de lectura":"3 minutos"},"schema":{"@context":"https:\/\/schema.org","@graph":[{"@type":"WebPage","@id":"https:\/\/wakan.ec\/index.php\/producto\/xbox-game-pass-ultimate-1-mes\/","url":"https:\/\/wakan.ec\/index.php\/producto\/xbox-game-pass-ultimate-1-mes\/","name":"Xbox Game Pass Ultimate - 1 mes - Wakan.ec","isPartOf":{"@id":"https:\/\/wakan.ec\/#website"},"primaryImageOfPage":{"@id":"https:\/\/wakan.ec\/index.php\/producto\/xbox-game-pass-ultimate-1-mes\/#primaryimage"},"image":{"@id":"https:\/\/wakan.ec\/index.php\/producto\/xbox-game-pass-ultimate-1-mes\/#primaryimage"},"thumbnailUrl":"https:\/\/wakan.ec\/wp-content\/uploads\/2024\/09\/1000070324.jpg","datePublished":"2024-09-06T22:45:28+00:00","dateModified":"2026-04-29T20:54:40+00:00","description":"Con Xbox Game Pass Ultimate de 1 mes disfruta cientos de juegos de alta calidad en solitario o con amigos. Incluidos nuevos lanzamientos.","breadcrumb":{"@id":"https:\/\/wakan.ec\/index.php\/producto\/xbox-game-pass-ultimate-1-mes\/#breadcrumb"},"inLanguage":"es","potentialAction":[{"@type":"ReadAction","target":["https:\/\/wakan.ec\/index.php\/producto\/xbox-game-pass-ultimate-1-mes\/"]}]},{"@type":"ImageObject","inLanguage":"es","@id":"https:\/\/wakan.ec\/index.php\/producto\/xbox-game-pass-ultimate-1-mes\/#primaryimage","url":"https:\/\/wakan.ec\/wp-content\/uploads\/2024\/09\/1000070324.jpg","contentUrl":"https:\/\/wakan.ec\/wp-content\/uploads\/2024\/09\/1000070324.jpg","width":1400,"height":1400,"caption":"Xbox Game Pass Ultimate - 1 mes"},{"@type":"BreadcrumbList","@id":"https:\/\/wakan.ec\/index.php\/producto\/xbox-game-pass-ultimate-1-mes\/#breadcrumb","itemListElement":[{"@type":"ListItem","position":1,"name":"Portada","item":"https:\/\/wakan.ec\/"},{"@type":"ListItem","position":2,"name":"Xbox Game Pass Ultimate &#8211; 1 mes"}]},{"@type":"WebSite","@id":"https:\/\/wakan.ec\/#website","url":"https:\/\/wakan.ec\/","name":"Wakan.ec","description":"Tech - Fitness, entretenimiento y productividad.","publisher":{"@id":"https:\/\/wakan.ec\/#organization"},"potentialAction":[{"@type":"SearchAction","target":{"@type":"EntryPoint","urlTemplate":"https:\/\/wakan.ec\/?s={search_term_string}"},"query-input":{"@type":"PropertyValueSpecification","valueRequired":true,"valueName":"search_term_string"}}],"inLanguage":"es"},{"@type":"Organization","@id":"https:\/\/wakan.ec\/#organization","name":"Wak\u00e1n","url":"https:\/\/wakan.ec\/","logo":{"@type":"ImageObject","inLanguage":"es","@id":"https:\/\/wakan.ec\/#\/schema\/logo\/image\/","url":"https:\/\/wakan.ec\/wp-content\/uploads\/2021\/12\/wakan-Logo.png","contentUrl":"https:\/\/wakan.ec\/wp-content\/uploads\/2021\/12\/wakan-Logo.png","width":1080,"height":1080,"caption":"Wak\u00e1n"},"image":{"@id":"https:\/\/wakan.ec\/#\/schema\/logo\/image\/"},"sameAs":["https:\/\/www.facebook.com\/wakantienda","https:\/\/www.instagram.com\/wakantienda","https:\/\/www.youtube.com\/wakan"]}]}},"_links":{"self":[{"href":"https:\/\/wakan.ec\/index.php\/wp-json\/wp\/v2\/product\/2145","targetHints":{"allow":["GET"]}}],"collection":[{"href":"https:\/\/wakan.ec\/index.php\/wp-json\/wp\/v2\/product"}],"about":[{"href":"https:\/\/wakan.ec\/index.php\/wp-json\/wp\/v2\/types\/product"}],"replies":[{"embeddable":true,"href":"https:\/\/wakan.ec\/index.php\/wp-json\/wp\/v2\/comments?post=2145"}],"wp:featuredmedia":[{"embeddable":true,"href":"https:\/\/wakan.ec\/index.php\/wp-json\/wp\/v2\/media\/2143"}],"wp:attachment":[{"href":"https:\/\/wakan.ec\/index.php\/wp-json\/wp\/v2\/media?parent=2145"}],"wp:term":[{"taxonomy":"product_brand","embeddable":true,"href":"https:\/\/wakan.ec\/index.php\/wp-json\/wp\/v2\/product_brand?post=2145"},{"taxonomy":"product_cat","embeddable":true,"href":"https:\/\/wakan.ec\/index.php\/wp-json\/wp\/v2\/product_cat?post=2145"},{"taxonomy":"product_tag","embeddable":true,"href":"https:\/\/wakan.ec\/index.php\/wp-json\/wp\/v2\/product_tag?post=2145"}],"curies":[{"name":"wp","href":"https:\/\/api.w.org\/{rel}","templated":true}]}}